Last updated on 2025-04-30 04:50:21 CEST.
Flavor | Version | Tinstall | Tcheck | Ttotal | Status | Flags |
---|---|---|---|---|---|---|
r-devel-linux-x86_64-debian-clang | 4.0.5 | 48.75 | 32.29 | 81.04 | NOTE | |
r-devel-linux-x86_64-debian-gcc | 4.0.5 | 25.05 | 23.96 | 49.01 | NOTE | |
r-devel-linux-x86_64-fedora-clang | 4.0.5 | 125.13 | OK | |||
r-devel-linux-x86_64-fedora-gcc | 4.0.5 | 116.35 | OK | |||
r-devel-windows-x86_64 | 4.0.5 | 41.00 | 79.00 | 120.00 | OK | |
r-patched-linux-x86_64 | 4.0.5 | 34.32 | 30.43 | 64.75 | OK | |
r-release-linux-x86_64 | 4.0.5 | 37.20 | 31.10 | 68.30 | OK | |
r-release-macos-arm64 | 4.0.5 | 39.00 | OK | |||
r-release-macos-x86_64 | 4.0.5 | 77.00 | OK | |||
r-release-windows-x86_64 | 4.0.5 | 41.00 | 76.00 | 117.00 | OK | |
r-oldrel-macos-arm64 | 4.0.5 | 38.00 | OK | |||
r-oldrel-macos-x86_64 | 4.0.5 | 57.00 | OK | |||
r-oldrel-windows-x86_64 | 4.0.5 | 49.00 | 84.00 | 133.00 | OK |
Version: 4.0.5
Check: CRAN incoming feasibility
Result: NOTE
Maintainer: ‘Andrew Chapple <achapp@lsuhsc.edu>’
No Authors@R field in DESCRIPTION.
Please add one, modifying
Authors@R: person(given = "Andrew",
family = "Chapple",
role = c("aut", "cre"),
email = "achapp@lsuhsc.edu")
as necessary.
Flavors: r-devel-linux-x86_64-debian-clang, r-devel-linux-x86_64-debian-gcc