Last updated on 2025-04-29 04:50:20 CEST.
Flavor | Version | Tinstall | Tcheck | Ttotal | Status | Flags |
---|---|---|---|---|---|---|
r-devel-linux-x86_64-debian-clang | 2.0.2 | 12.94 | 116.50 | 129.44 | OK | |
r-devel-linux-x86_64-debian-gcc | 2.0.2 | 10.86 | 85.08 | 95.94 | NOTE | |
r-devel-linux-x86_64-fedora-clang | 2.0.2 | 222.57 | OK | |||
r-devel-linux-x86_64-fedora-gcc | 2.0.2 | 212.87 | OK | |||
r-devel-windows-x86_64 | 2.0.2 | 15.00 | 107.00 | 122.00 | OK | |
r-patched-linux-x86_64 | 2.0.2 | 12.28 | 110.10 | 122.38 | OK | |
r-release-linux-x86_64 | 2.0.2 | 14.27 | 112.57 | 126.84 | OK | |
r-release-macos-arm64 | 2.0.2 | 91.00 | OK | |||
r-release-macos-x86_64 | 2.0.2 | 136.00 | OK | |||
r-release-windows-x86_64 | 2.0.2 | 14.00 | 114.00 | 128.00 | OK | |
r-oldrel-macos-arm64 | 2.0.2 | 60.00 | OK | |||
r-oldrel-macos-x86_64 | 2.0.2 | 114.00 | OK | |||
r-oldrel-windows-x86_64 | 2.0.2 | 19.00 | 145.00 | 164.00 | OK |
Version: 2.0.2
Check: CRAN incoming feasibility
Result: NOTE
Maintainer: ‘Scott Barlowe <sabarlowe@email.wcu.edu>’
No Authors@R field in DESCRIPTION.
Please add one, modifying
Authors@R: person(given = "Scott",
family = "Barlowe",
role = c("aut", "cre"),
email = "sabarlowe@email.wcu.edu")
as necessary.
Flavor: r-devel-linux-x86_64-debian-gcc