CRAN Package Check Results for Package SubgrpID

Last updated on 2025-04-30 04:50:21 CEST.

Flavor Version Tinstall Tcheck Ttotal Status Flags
r-devel-linux-x86_64-debian-clang 0.12 12.44 92.90 105.34 NOTE
r-devel-linux-x86_64-debian-gcc 0.12 8.29 64.19 72.48 OK
r-devel-linux-x86_64-fedora-clang 0.12 155.40 OK
r-devel-linux-x86_64-fedora-gcc 0.12 144.90 OK
r-devel-windows-x86_64 0.12 12.00 98.00 110.00 OK
r-patched-linux-x86_64 0.12 12.20 87.61 99.81 OK
r-release-linux-x86_64 0.12 11.87 87.49 99.36 OK
r-release-macos-arm64 0.12 46.00 OK
r-release-macos-x86_64 0.12 82.00 OK
r-release-windows-x86_64 0.12 12.00 98.00 110.00 OK
r-oldrel-macos-arm64 0.12 44.00 OK
r-oldrel-macos-x86_64 0.12 65.00 OK
r-oldrel-windows-x86_64 0.12 16.00 123.00 139.00 OK

Check Details

Version: 0.12
Check: examples
Result: NOTE Examples with CPU (user + system) or elapsed time > 5s user system elapsed SubgrpID 5.416 0.122 6.843 Flavor: r-devel-linux-x86_64-debian-clang