Last updated on 2025-04-30 04:50:21 CEST.
Flavor | Version | Tinstall | Tcheck | Ttotal | Status | Flags |
---|---|---|---|---|---|---|
r-devel-linux-x86_64-debian-clang | 0.1.0 | 13.17 | 101.02 | 114.19 | NOTE | |
r-devel-linux-x86_64-debian-gcc | 0.1.0 | 8.17 | 67.96 | 76.13 | OK | |
r-devel-linux-x86_64-fedora-clang | 0.1.0 | 179.87 | OK | |||
r-devel-linux-x86_64-fedora-gcc | 0.1.0 | 168.41 | OK | |||
r-devel-windows-x86_64 | 0.1.0 | 13.00 | 101.00 | 114.00 | OK | |
r-patched-linux-x86_64 | 0.1.0 | 13.19 | 95.54 | 108.73 | OK | |
r-release-linux-x86_64 | 0.1.0 | 11.66 | 95.19 | 106.85 | OK | |
r-release-macos-arm64 | 0.1.0 | 69.00 | OK | |||
r-release-macos-x86_64 | 0.1.0 | 108.00 | OK | |||
r-release-windows-x86_64 | 0.1.0 | 12.00 | 103.00 | 115.00 | OK | |
r-oldrel-macos-arm64 | 0.1.0 | 48.00 | OK | |||
r-oldrel-macos-x86_64 | 0.1.0 | 156.00 | OK | |||
r-oldrel-windows-x86_64 | 0.1.0 | 15.00 | 135.00 | 150.00 | OK |
Version: 0.1.0
Check: examples
Result: NOTE
Examples with CPU (user + system) or elapsed time > 5s
user system elapsed
mspe_MS_LOGISTIC_JLW 6.061 0.016 8.034
mspe_MS_LOGISTIC_SUMCA 5.961 0.000 7.812
Flavor: r-devel-linux-x86_64-debian-clang