Last updated on 2025-04-30 04:50:21 CEST.
Flavor | Version | Tinstall | Tcheck | Ttotal | Status | Flags |
---|---|---|---|---|---|---|
r-devel-linux-x86_64-debian-clang | 1.0.1 | 18.01 | 112.03 | 130.04 | OK | |
r-devel-linux-x86_64-debian-gcc | 1.0.1 | 14.35 | 77.15 | 91.50 | OK | |
r-devel-linux-x86_64-fedora-clang | 1.0.1 | 226.53 | OK | |||
r-devel-linux-x86_64-fedora-gcc | 1.0.1 | 236.73 | OK | |||
r-devel-windows-x86_64 | 1.0.1 | 20.00 | 116.00 | 136.00 | OK | |
r-patched-linux-x86_64 | 1.0.1 | 20.66 | 109.59 | 130.25 | OK | |
r-release-linux-x86_64 | 1.0.1 | 19.03 | 108.76 | 127.79 | OK | |
r-release-macos-arm64 | 1.0.1 | 64.00 | OK | |||
r-release-macos-x86_64 | 1.0.1 | 124.00 | OK | |||
r-release-windows-x86_64 | 1.0.1 | 19.00 | 116.00 | 135.00 | OK | |
r-oldrel-macos-arm64 | 1.0.1 | 65.00 | NOTE | |||
r-oldrel-macos-x86_64 | 1.0.1 | 99.00 | NOTE | |||
r-oldrel-windows-x86_64 | 1.0.1 | 25.00 | 280.00 | 305.00 | NOTE |
Version: 1.0.1
Check: package dependencies
Result: NOTE
Package suggested but not available for checking: ‘velocyto.R’
Flavors: r-oldrel-macos-arm64, r-oldrel-macos-x86_64, r-oldrel-windows-x86_64