Last updated on 2025-04-30 04:50:21 CEST.
Flavor | Version | Tinstall | Tcheck | Ttotal | Status | Flags |
---|---|---|---|---|---|---|
r-devel-linux-x86_64-debian-clang | 2.0-29 | 6.17 | 389.71 | 395.88 | NOTE | |
r-devel-linux-x86_64-debian-gcc | 2.0-29 | 4.39 | 304.48 | 308.87 | NOTE | |
r-devel-linux-x86_64-fedora-clang | 2.0-29 | 580.06 | OK | |||
r-devel-linux-x86_64-fedora-gcc | 2.0-29 | 586.34 | OK | |||
r-devel-windows-x86_64 | 2.0-29 | 7.00 | 335.00 | 342.00 | OK | |
r-patched-linux-x86_64 | 2.0-29 | 6.45 | 364.08 | 370.53 | OK | |
r-release-linux-x86_64 | 2.0-29 | 6.30 | 362.65 | 368.95 | OK | |
r-release-macos-arm64 | 2.0-29 | 178.00 | OK | |||
r-release-macos-x86_64 | 2.0-29 | 357.00 | OK | |||
r-release-windows-x86_64 | 2.0-29 | 9.00 | 538.00 | 547.00 | OK | |
r-oldrel-macos-arm64 | 2.0-29 | 159.00 | OK | |||
r-oldrel-macos-x86_64 | 2.0-29 | 232.00 | OK | |||
r-oldrel-windows-x86_64 | 2.0-29 | 9.00 | 460.00 | 469.00 | OK |
Version: 2.0-29
Check: examples
Result: NOTE
Examples with CPU (user + system) or elapsed time > 5s
user system elapsed
SL.biglasso 5.636 0.088 8.069
Flavor: r-devel-linux-x86_64-debian-clang
Version: 2.0-29
Check: examples
Result: NOTE
Examples with CPU (user + system) or elapsed time > 5s
user system elapsed
SL.biglasso 5.756 0.09 7.733
Flavor: r-devel-linux-x86_64-debian-gcc