Last updated on 2025-04-30 04:50:21 CEST.
Flavor | Version | Tinstall | Tcheck | Ttotal | Status | Flags |
---|---|---|---|---|---|---|
r-devel-linux-x86_64-debian-clang | 0.0.1.1 | 30.08 | 187.41 | 217.49 | OK | |
r-devel-linux-x86_64-debian-gcc | 0.0.1.1 | 18.35 | 115.01 | 133.36 | OK | |
r-devel-linux-x86_64-fedora-clang | 0.0.1.1 | 351.09 | OK | |||
r-devel-linux-x86_64-fedora-gcc | 0.0.1.1 | 330.85 | OK | |||
r-devel-windows-x86_64 | 0.0.1.1 | 31.00 | 177.00 | 208.00 | OK | |
r-patched-linux-x86_64 | 0.0.1.1 | 29.48 | 178.70 | 208.18 | OK | |
r-release-linux-x86_64 | 0.0.1.1 | 28.83 | 177.80 | 206.63 | OK | |
r-release-macos-arm64 | 0.0.1.1 | 8.00 | ERROR | |||
r-release-macos-x86_64 | 0.0.1.1 | 11.00 | ERROR | |||
r-release-windows-x86_64 | 0.0.1.1 | 27.00 | 177.00 | 204.00 | OK | |
r-oldrel-macos-arm64 | 0.0.1.1 | 13.00 | ERROR | |||
r-oldrel-macos-x86_64 | 0.0.1.1 | 16.00 | ERROR | |||
r-oldrel-windows-x86_64 | 0.0.1.1 | 39.00 | 230.00 | 269.00 | NOTE |
Version: 0.0.1.1
Check: whether package can be installed
Result: ERROR
Installation failed.
Flavors: r-release-macos-arm64, r-release-macos-x86_64, r-oldrel-macos-arm64, r-oldrel-macos-x86_64
Version: 0.0.1.1
Check: installed package size
Result: NOTE
installed size is 5.4Mb
sub-directories of 1Mb or more:
tinytest 4.1Mb
Flavor: r-oldrel-windows-x86_64