Last updated on 2025-04-30 04:50:21 CEST.
Flavor | Version | Tinstall | Tcheck | Ttotal | Status | Flags |
---|---|---|---|---|---|---|
r-devel-linux-x86_64-debian-clang | 3.4.0 | 51.26 | 619.02 | 670.28 | NOTE | |
r-devel-linux-x86_64-debian-gcc | 3.4.1 | 31.75 | 364.53 | 396.28 | NOTE | |
r-devel-linux-x86_64-fedora-clang | 3.4.1 | 1132.80 | OK | |||
r-devel-linux-x86_64-fedora-gcc | 3.4.1 | 1093.19 | OK | |||
r-devel-windows-x86_64 | 3.4.0 | 51.00 | 573.00 | 624.00 | OK | |
r-patched-linux-x86_64 | 3.4.0 | 55.09 | 585.38 | 640.47 | OK | |
r-release-linux-x86_64 | 3.4.0 | 47.15 | 583.73 | 630.88 | OK | |
r-release-macos-arm64 | 3.4.1 | 157.00 | OK | |||
r-release-macos-x86_64 | 3.4.1 | 339.00 | OK | |||
r-release-windows-x86_64 | 3.4.1 | 57.00 | 550.00 | 607.00 | OK | |
r-oldrel-macos-arm64 | 3.4.1 | 185.00 | OK | |||
r-oldrel-macos-x86_64 | 3.4.1 | 378.00 | OK | |||
r-oldrel-windows-x86_64 | 3.4.0 | 68.00 | 807.00 | 875.00 | OK |
Version: 3.4.0
Check: examples
Result: NOTE
Examples with CPU (user + system) or elapsed time > 5s
user system elapsed
mean_S_before_T_plot_scr 8.158 0.074 11.216
marginal_gof_scr_S_plot 7.966 0.054 10.061
fit_model_SurvSurv 7.548 0.018 9.828
marginal_gof_plots_scr 6.454 0.009 9.198
model_fit_measures 5.843 0.024 7.085
ICA.Sample.ContCont 4.666 0.016 6.058
Flavor: r-devel-linux-x86_64-debian-clang
Version: 3.4.1
Check: examples
Result: NOTE
Examples with CPU (user + system) or elapsed time > 5s
user system elapsed
mean_S_before_T_plot_scr 4.901 0.049 6.128
marginal_gof_scr_S_plot 4.673 0.055 6.283
fit_model_SurvSurv 4.668 0.029 5.449
marginal_gof_plots_scr 3.979 0.070 5.301
Flavor: r-devel-linux-x86_64-debian-gcc