Last updated on 2025-04-30 04:50:21 CEST.
Flavor | Version | Tinstall | Tcheck | Ttotal | Status | Flags |
---|---|---|---|---|---|---|
r-devel-linux-x86_64-debian-clang | 1.1 | 7.52 | 76.51 | 84.03 | NOTE | |
r-devel-linux-x86_64-debian-gcc | 1.1 | 5.45 | 54.89 | 60.34 | OK | |
r-devel-linux-x86_64-fedora-clang | 1.1 | 135.00 | OK | |||
r-devel-linux-x86_64-fedora-gcc | 1.1 | 129.11 | OK | |||
r-devel-windows-x86_64 | 1.1 | 9.00 | 89.00 | 98.00 | OK | |
r-patched-linux-x86_64 | 1.1 | 8.96 | 74.08 | 83.04 | OK | |
r-release-linux-x86_64 | 1.1 | 7.91 | 73.91 | 81.82 | OK | |
r-release-macos-arm64 | 1.1 | 38.00 | OK | |||
r-release-macos-x86_64 | 1.1 | 68.00 | OK | |||
r-release-windows-x86_64 | 1.1 | 9.00 | 84.00 | 93.00 | OK | |
r-oldrel-macos-arm64 | 1.1 | 35.00 | OK | |||
r-oldrel-macos-x86_64 | 1.1 | 56.00 | OK | |||
r-oldrel-windows-x86_64 | 1.1 | 11.00 | 104.00 | 115.00 | OK |
Version: 1.1
Check: examples
Result: NOTE
Examples with CPU (user + system) or elapsed time > 5s
user system elapsed
survcorr 6.418 0.004 7.572
Flavor: r-devel-linux-x86_64-debian-clang