CRAN Package Check Results for Package SurvMI

Last updated on 2025-04-30 04:50:21 CEST.

Flavor Version Tinstall Tcheck Ttotal Status Flags
r-devel-linux-x86_64-debian-clang 0.1.0 7.11 73.33 80.44 NOTE
r-devel-linux-x86_64-debian-gcc 0.1.0 5.17 53.18 58.35 OK
r-devel-linux-x86_64-fedora-clang 0.1.0 129.54 NOTE
r-devel-linux-x86_64-fedora-gcc 0.1.0 130.45 NOTE
r-devel-windows-x86_64 0.1.0 8.00 87.00 95.00 OK
r-patched-linux-x86_64 0.1.0 6.99 72.48 79.47 OK
r-release-linux-x86_64 0.1.0 7.49 71.27 78.76 OK
r-release-macos-arm64 0.1.0 42.00 OK
r-release-macos-x86_64 0.1.0 77.00 OK
r-release-windows-x86_64 0.1.0 8.00 91.00 99.00 OK
r-oldrel-macos-arm64 0.1.0 37.00 NOTE
r-oldrel-macos-x86_64 0.1.0 54.00 NOTE
r-oldrel-windows-x86_64 0.1.0 10.00 108.00 118.00 NOTE

Check Details

Version: 0.1.0
Check: examples
Result: NOTE Examples with CPU (user + system) or elapsed time > 5s user system elapsed uc_data_transform 5.584 0.015 6.743 Flavor: r-devel-linux-x86_64-debian-clang

Version: 0.1.0
Check: dependencies in R code
Result: NOTE Namespace in Imports field not imported from: ‘base’ All declared Imports should be used. Flavors: r-devel-linux-x86_64-fedora-clang, r-devel-linux-x86_64-fedora-gcc

Version: 0.1.0
Check: LazyData
Result: NOTE 'LazyData' is specified without a 'data' directory Flavors: r-oldrel-macos-arm64, r-oldrel-macos-x86_64, r-oldrel-windows-x86_64