Last updated on 2025-04-30 04:50:21 CEST.
Flavor | Version | Tinstall | Tcheck | Ttotal | Status | Flags |
---|---|---|---|---|---|---|
r-devel-linux-x86_64-debian-clang | 1.1.6 | 1.55 | 16.71 | 18.26 | NOTE | |
r-devel-linux-x86_64-debian-gcc | 1.1.6 | 1.25 | 13.39 | 14.64 | OK | |
r-devel-linux-x86_64-fedora-clang | 1.1.6 | 29.33 | OK | |||
r-devel-linux-x86_64-fedora-gcc | 1.1.6 | 29.56 | OK | |||
r-devel-windows-x86_64 | 1.1.6 | 2.00 | 38.00 | 40.00 | OK | |
r-patched-linux-x86_64 | 1.1.6 | 1.51 | 16.23 | 17.74 | OK | |
r-release-linux-x86_64 | 1.1.6 | 1.46 | 16.12 | 17.58 | OK | |
r-release-macos-arm64 | 1.1.6 | 14.00 | OK | |||
r-release-macos-x86_64 | 1.1.6 | 22.00 | OK | |||
r-release-windows-x86_64 | 1.1.6 | 2.00 | 38.00 | 40.00 | OK | |
r-oldrel-macos-arm64 | 1.1.6 | 13.00 | OK | |||
r-oldrel-macos-x86_64 | 1.1.6 | 20.00 | OK | |||
r-oldrel-windows-x86_64 | 1.1.6 | 3.00 | 40.00 | 43.00 | OK |
Version: 1.1.6
Check: examples
Result: NOTE
Examples with CPU (user + system) or elapsed time > 5s
user system elapsed
AirQual 4.46 0.019 5.274
Flavor: r-devel-linux-x86_64-debian-clang