CRAN Package Check Results for Package SynDI

Last updated on 2025-04-30 04:50:21 CEST.

Flavor Version Tinstall Tcheck Ttotal Status Flags
r-devel-linux-x86_64-debian-clang 0.1.0 4.67 135.32 139.99 NOTE
r-devel-linux-x86_64-debian-gcc 0.1.0 2.60 96.09 98.69 NOTE
r-devel-linux-x86_64-fedora-clang 0.1.0 216.17 NOTE
r-devel-linux-x86_64-fedora-gcc 0.1.0 242.35 NOTE
r-devel-windows-x86_64 0.1.0 7.00 169.00 176.00 NOTE
r-patched-linux-x86_64 0.1.0 4.22 136.15 140.37 NOTE
r-release-linux-x86_64 0.1.0 3.88 134.86 138.74 NOTE
r-release-macos-arm64 0.1.0 79.00 NOTE
r-release-macos-x86_64 0.1.0 164.00 NOTE
r-release-windows-x86_64 0.1.0 7.00 172.00 179.00 NOTE
r-oldrel-macos-arm64 0.1.0 86.00 NOTE
r-oldrel-macos-x86_64 0.1.0 127.00 NOTE
r-oldrel-windows-x86_64 0.1.0 7.00 242.00 249.00 NOTE

Check Details

Version: 0.1.0
Check: CRAN incoming feasibility
Result: NOTE Maintainer: ‘Michael Kleinsasser <mkleinsa@umich.edu>’ The Description field contains populations <arXiv:2106.06835>. Please refer to arXiv e-prints via their arXiv DOI <doi:10.48550/arXiv.YYMM.NNNNN>. Flavors: r-devel-linux-x86_64-debian-clang, r-devel-linux-x86_64-debian-gcc

Version: 0.1.0
Check: Rd files
Result: NOTE checkRd: (-1) create_synthetic_example.Rd:10: Lost braces in \itemize; meant \describe ? checkRd: (-1) create_synthetic_example.Rd:11: Lost braces in \itemize; meant \describe ? checkRd: (-1) create_synthetic_example.Rd:12: Lost braces in \itemize; meant \describe ? checkRd: (-1) initial_estimates_example.Rd:10: Lost braces in \itemize; meant \describe ? checkRd: (-1) initial_estimates_example.Rd:11: Lost braces in \itemize; meant \describe ? checkRd: (-1) initial_estimates_example.Rd:12: Lost braces in \itemize; meant \describe ? Flavors: r-devel-linux-x86_64-debian-clang, r-devel-linux-x86_64-debian-gcc, r-devel-linux-x86_64-fedora-clang, r-devel-linux-x86_64-fedora-gcc, r-devel-windows-x86_64, r-patched-linux-x86_64, r-release-linux-x86_64, r-release-macos-arm64, r-release-macos-x86_64, r-release-windows-x86_64, r-oldrel-macos-arm64, r-oldrel-macos-x86_64, r-oldrel-windows-x86_64

Version: 0.1.0
Check: dependencies in R code
Result: NOTE Namespaces in Imports field not imported from: ‘MASS’ ‘StackImpute’ ‘arm’ ‘boot’ ‘broom’ ‘knitr’ ‘mvtnorm’ ‘randomForest’ All declared Imports should be used. Flavors: r-devel-linux-x86_64-fedora-clang, r-devel-linux-x86_64-fedora-gcc