Last updated on 2025-04-30 04:50:21 CEST.
Flavor | Version | Tinstall | Tcheck | Ttotal | Status | Flags |
---|---|---|---|---|---|---|
r-devel-linux-x86_64-debian-clang | 1.0.1 | 8.91 | 629.91 | 638.82 | NOTE | |
r-devel-linux-x86_64-debian-gcc | 1.0.1 | 4.57 | 399.68 | 404.25 | NOTE | |
r-devel-linux-x86_64-fedora-clang | 1.0.1 | 1094.64 | OK | |||
r-devel-linux-x86_64-fedora-gcc | 1.0.1 | 1072.57 | OK | |||
r-devel-windows-x86_64 | 1.0.1 | 11.00 | 562.00 | 573.00 | OK | |
r-patched-linux-x86_64 | 1.0.1 | 9.49 | 615.82 | 625.31 | OK | |
r-release-linux-x86_64 | 1.0.1 | 7.97 | 615.49 | 623.46 | OK | |
r-release-macos-arm64 | 1.0.1 | 246.00 | OK | |||
r-release-macos-x86_64 | 1.0.1 | 340.00 | OK | |||
r-release-windows-x86_64 | 1.0.1 | 10.00 | 562.00 | 572.00 | OK | |
r-oldrel-macos-arm64 | 1.0.1 | 218.00 | OK | |||
r-oldrel-macos-x86_64 | 1.0.1 | 362.00 | OK | |||
r-oldrel-windows-x86_64 | 1.0.1 | 13.00 | 895.00 | 908.00 | OK |
Version: 1.0.1
Check: examples
Result: NOTE
Examples with CPU (user + system) or elapsed time > 5s
user system elapsed
lmmSynergy 11.056 0.078 13.480
plot_SynergyLMM 8.669 0.078 10.868
APrioriPwr 8.407 0.087 11.065
PostHocPwr 7.964 0.039 10.033
plot_lmmSynergy 7.244 0.019 9.086
lmmModel 6.032 0.027 7.286
logLikSubjectDisplacements 5.890 0.018 7.580
plot_ranefDiagnostics 4.929 0.012 6.985
ranefDiagnostics 4.643 0.016 5.940
Flavor: r-devel-linux-x86_64-debian-clang
Version: 1.0.1
Check: examples
Result: NOTE
Examples with CPU (user + system) or elapsed time > 5s
user system elapsed
lmmSynergy 7.152 0.109 9.449
APrioriPwr 5.929 0.059 7.575
plot_SynergyLMM 5.569 0.061 7.278
PostHocPwr 5.283 0.099 6.831
plot_lmmSynergy 4.758 0.056 5.354
Flavor: r-devel-linux-x86_64-debian-gcc