Last updated on 2025-04-30 04:50:21 CEST.
Flavor | Version | Tinstall | Tcheck | Ttotal | Status | Flags |
---|---|---|---|---|---|---|
r-devel-linux-x86_64-debian-clang | 1.1-8 | 5.15 | 42.31 | 47.46 | NOTE | |
r-devel-linux-x86_64-debian-gcc | 1.1-8 | 3.71 | 31.50 | 35.21 | NOTE | |
r-devel-linux-x86_64-fedora-clang | 1.1-8 | 73.06 | OK | |||
r-devel-linux-x86_64-fedora-gcc | 1.1-8 | 69.16 | OK | |||
r-devel-windows-x86_64 | 1.1-8 | 5.00 | 65.00 | 70.00 | NOTE | |
r-patched-linux-x86_64 | 1.1-8 | 5.36 | 40.28 | 45.64 | NOTE | |
r-release-linux-x86_64 | 1.1-8 | 4.85 | 40.70 | 45.55 | NOTE | |
r-release-macos-arm64 | 1.1-8 | 34.00 | OK | |||
r-release-macos-x86_64 | 1.1-8 | 42.00 | OK | |||
r-release-windows-x86_64 | 1.1-8 | 6.00 | 62.00 | 68.00 | NOTE | |
r-oldrel-macos-arm64 | 1.1-8 | 26.00 | OK | |||
r-oldrel-macos-x86_64 | 1.1-8 | 35.00 | OK | |||
r-oldrel-windows-x86_64 | 1.1-8 | 6.00 | 67.00 | 73.00 | OK |
Version: 1.1-8
Check: CRAN incoming feasibility
Result: NOTE
Maintainer: ‘Jens Hainmueller <jhain@stanford.edu>’
No Authors@R field in DESCRIPTION.
Please add one, modifying
Authors@R: c(person(given = "Jens",
family = "Hainmueller",
role = c("aut", "cre"),
email = "jhain@stanford.edu"),
person(given = "Alexis",
family = "Diamond",
role = "aut",
email = "adiamond@fas.harvard.edu"))
as necessary.
Flavors: r-devel-linux-x86_64-debian-clang, r-devel-linux-x86_64-debian-gcc
Version: 1.1-8
Check: Rd cross-references
Result: NOTE
Found the following Rd file(s) with Rd \link{} targets missing package
anchors:
fn.V.Rd: ipop
synth.Rd: ipop, optimx
Please provide package anchors for all Rd \link{} targets not in the
package itself and the base packages.
Flavors: r-devel-linux-x86_64-debian-clang, r-devel-linux-x86_64-debian-gcc, r-devel-windows-x86_64, r-patched-linux-x86_64, r-release-linux-x86_64, r-release-windows-x86_64