CRAN Package Check Results for Package T4transport

Last updated on 2025-04-30 04:50:21 CEST.

Flavor Version Tinstall Tcheck Ttotal Status Flags
r-devel-linux-x86_64-debian-clang 0.1.2 76.12 120.88 197.00 OK
r-devel-linux-x86_64-debian-gcc 0.1.2 61.01 86.13 147.14 OK
r-devel-linux-x86_64-fedora-clang 0.1.2 379.57 OK
r-devel-linux-x86_64-fedora-gcc 0.1.2 343.74 OK
r-devel-windows-x86_64 0.1.2 91.00 205.00 296.00 OK
r-patched-linux-x86_64 0.1.2 83.87 115.71 199.58 OK
r-release-linux-x86_64 0.1.2 85.32 114.77 200.09 OK
r-release-macos-arm64 0.1.2 84.00 OK
r-release-macos-x86_64 0.1.2 153.00 OK
r-release-windows-x86_64 0.1.2 90.00 245.00 335.00 OK
r-oldrel-macos-arm64 0.1.2 79.00 NOTE
r-oldrel-macos-x86_64 0.1.2 117.00 NOTE
r-oldrel-windows-x86_64 0.1.2 103.00 184.00 287.00 NOTE

Check Details

Version: 0.1.2
Check: installed package size
Result: NOTE installed size is 9.1Mb sub-directories of 1Mb or more: data 4.3Mb libs 4.5Mb Flavors: r-oldrel-macos-arm64, r-oldrel-macos-x86_64, r-oldrel-windows-x86_64