Last updated on 2025-04-30 04:50:21 CEST.
Flavor | Version | Tinstall | Tcheck | Ttotal | Status | Flags |
---|---|---|---|---|---|---|
r-devel-linux-x86_64-debian-clang | 1.0.0 | 3.31 | 276.30 | 279.61 | NOTE | |
r-devel-linux-x86_64-debian-gcc | 1.0.0 | 2.71 | 169.05 | 171.76 | NOTE | |
r-devel-linux-x86_64-fedora-clang | 1.0.0 | 501.66 | OK | |||
r-devel-linux-x86_64-fedora-gcc | 1.0.0 | 506.60 | OK | |||
r-devel-windows-x86_64 | 1.0.0 | 6.00 | 276.00 | 282.00 | OK | |
r-patched-linux-x86_64 | 1.0.0 | 4.56 | 259.04 | 263.60 | OK | |
r-release-linux-x86_64 | 1.0.0 | 4.19 | 260.22 | 264.41 | OK | |
r-release-macos-arm64 | 1.0.0 | 143.00 | OK | |||
r-release-macos-x86_64 | 1.0.0 | 269.00 | OK | |||
r-release-windows-x86_64 | 1.0.0 | 6.00 | 357.00 | 363.00 | OK | |
r-oldrel-macos-arm64 | 1.0.0 | 121.00 | OK | |||
r-oldrel-macos-x86_64 | 1.0.0 | 280.00 | OK | |||
r-oldrel-windows-x86_64 | 1.0.0 | 7.00 | 396.00 | 403.00 | OK |
Version: 1.0.0
Check: examples
Result: NOTE
Examples with CPU (user + system) or elapsed time > 5s
user system elapsed
generate_random_matrix 12.146 0.043 15.299
launch_analysis_tad 11.462 0.300 14.688
Flavor: r-devel-linux-x86_64-debian-clang
Version: 1.0.0
Check: examples
Result: NOTE
Examples with CPU (user + system) or elapsed time > 5s
user system elapsed
launch_analysis_tad 6.418 0.138 7.911
generate_random_matrix 6.431 0.055 7.510
Flavor: r-devel-linux-x86_64-debian-gcc