CRAN Package Check Results for Package TAF

Last updated on 2025-02-22 05:51:53 CET.

Flavor Version Tinstall Tcheck Ttotal Status Flags
r-devel-linux-x86_64-debian-clang 4.2.0 4.13 34.77 38.90 NOTE
r-devel-linux-x86_64-debian-gcc 4.2.0 2.80 25.34 28.14 NOTE
r-devel-linux-x86_64-fedora-clang 4.2.0 64.90 OK
r-devel-linux-x86_64-fedora-gcc 4.2.0 59.50 OK
r-devel-macos-arm64 4.2.0 20.00 OK
r-devel-macos-x86_64 4.2.0 42.00 OK
r-devel-windows-x86_64 4.2.0 5.00 73.00 78.00 NOTE
r-patched-linux-x86_64 4.2.0 5.30 33.41 38.71 OK
r-release-linux-x86_64 4.2.0 3.59 33.16 36.75 OK
r-release-macos-arm64 4.2.0 19.00 OK
r-release-macos-x86_64 4.2.0 34.00 OK
r-release-windows-x86_64 4.2.0 5.00 73.00 78.00 OK
r-oldrel-macos-arm64 4.2.0 22.00 OK
r-oldrel-macos-x86_64 4.2.0 32.00 OK
r-oldrel-windows-x86_64 4.2.0 7.00 78.00 85.00 OK

Check Details

Version: 4.2.0
Check: Rd cross-references
Result: NOTE Found the following Rd file(s) with Rd \link{} targets missing package anchors: zoom.Rd: print.trellis, Lattice, xyplot Please provide package anchors for all Rd \link{} targets not in the package itself and the base packages. Flavors: r-devel-linux-x86_64-debian-clang, r-devel-linux-x86_64-debian-gcc, r-devel-windows-x86_64