CRAN Package Check Results for Package TAG

Last updated on 2025-04-30 04:50:21 CEST.

Flavor Version Tinstall Tcheck Ttotal Status Flags
r-devel-linux-x86_64-debian-clang 0.5.1 23.91 72.67 96.58 NOTE
r-devel-linux-x86_64-debian-gcc 0.5.1 16.60 51.79 68.39 NOTE
r-devel-linux-x86_64-fedora-clang 0.5.1 160.24 NOTE
r-devel-linux-x86_64-fedora-gcc 0.5.1 149.98 NOTE
r-devel-windows-x86_64 0.5.1 28.00 106.00 134.00 NOTE
r-patched-linux-x86_64 0.5.1 22.83 68.92 91.75 NOTE
r-release-linux-x86_64 0.5.1 21.59 69.27 90.86 NOTE
r-release-macos-arm64 0.5.1 50.00 NOTE
r-release-macos-x86_64 0.5.1 78.00 NOTE
r-release-windows-x86_64 0.5.1 28.00 102.00 130.00 NOTE
r-oldrel-macos-arm64 0.5.1 50.00 NOTE
r-oldrel-macos-x86_64 0.5.1 75.00 NOTE
r-oldrel-windows-x86_64 0.5.1 32.00 127.00 159.00 NOTE

Check Details

Version: 0.5.1
Check: CRAN incoming feasibility
Result: NOTE Maintainer: ‘Li-Hsiang Lin <llin79@gatech.edu>’ No Authors@R field in DESCRIPTION. Please add one, modifying Authors@R: c(person(given = "Li-Hsiang", family = "Lin", role = c("aut", "cre"), email = "llin79@gatech.edu"), person(given = c("V.", "Roshan"), family = "Joseph", role = "aut")) as necessary. Flavors: r-devel-linux-x86_64-debian-clang, r-devel-linux-x86_64-debian-gcc

Version: 0.5.1
Check: C++ specification
Result: NOTE Specified C++11: please drop specification unless essential Flavors: r-devel-linux-x86_64-debian-clang, r-devel-linux-x86_64-debian-gcc, r-devel-linux-x86_64-fedora-clang, r-devel-linux-x86_64-fedora-gcc, r-devel-windows-x86_64, r-patched-linux-x86_64, r-release-linux-x86_64, r-release-macos-arm64, r-release-macos-x86_64, r-release-windows-x86_64, r-oldrel-macos-arm64, r-oldrel-macos-x86_64, r-oldrel-windows-x86_64