Last updated on 2025-02-22 05:51:53 CET.
Flavor | Version | Tinstall | Tcheck | Ttotal | Status | Flags |
---|---|---|---|---|---|---|
r-devel-linux-x86_64-debian-clang | 4.2-21 | 144.94 | 169.27 | 314.21 | NOTE | |
r-devel-linux-x86_64-debian-gcc | 4.2-21 | 102.96 | 105.34 | 208.30 | NOTE | |
r-devel-linux-x86_64-fedora-clang | 4.2-21 | 602.23 | OK | |||
r-devel-linux-x86_64-fedora-gcc | 4.2-21 | 536.86 | OK | |||
r-devel-macos-arm64 | 4.2-21 | 112.00 | OK | |||
r-devel-macos-x86_64 | 4.2-21 | 193.00 | OK | |||
r-devel-windows-x86_64 | 4.2-21 | 156.00 | 195.00 | 351.00 | NOTE | |
r-patched-linux-x86_64 | 4.2-21 | 143.84 | 160.11 | 303.95 | OK | |
r-release-linux-x86_64 | 4.2-21 | 143.44 | 156.61 | 300.05 | OK | |
r-release-macos-arm64 | 4.2-21 | 113.00 | NOTE | |||
r-release-macos-x86_64 | 4.2-21 | 171.00 | NOTE | |||
r-release-windows-x86_64 | 4.2-21 | 156.00 | 187.00 | 343.00 | OK | |
r-oldrel-macos-arm64 | 4.2-21 | 118.00 | NOTE | |||
r-oldrel-macos-x86_64 | 4.2-21 | 247.00 | NOTE | |||
r-oldrel-windows-x86_64 | 4.2-21 | 188.00 | 241.00 | 429.00 | OK |
Version: 4.2-21
Check: Rd cross-references
Result: NOTE
Found the following Rd file(s) with Rd \link{} targets missing package
anchors:
IRT.threshold.Rd: IRT.irfprob
Please provide package anchors for all Rd \link{} targets not in the
package itself and the base packages.
Flavors: r-devel-linux-x86_64-debian-clang, r-devel-linux-x86_64-debian-gcc, r-devel-windows-x86_64
Version: 4.2-21
Check: installed package size
Result: NOTE
installed size is 7.4Mb
sub-directories of 1Mb or more:
R 2.0Mb
libs 4.5Mb
Flavors: r-release-macos-arm64, r-release-macos-x86_64, r-oldrel-macos-arm64, r-oldrel-macos-x86_64