Last updated on 2025-04-30 04:50:21 CEST.
Flavor | Version | Tinstall | Tcheck | Ttotal | Status | Flags |
---|---|---|---|---|---|---|
r-devel-linux-x86_64-debian-clang | 5.2 | 3.74 | 29.05 | 32.79 | NOTE | |
r-devel-linux-x86_64-debian-gcc | 5.2 | 2.40 | 21.95 | 24.35 | NOTE | |
r-devel-linux-x86_64-fedora-clang | 5.2 | 51.16 | OK | |||
r-devel-linux-x86_64-fedora-gcc | 5.2 | 48.72 | OK | |||
r-devel-windows-x86_64 | 5.2 | 4.00 | 56.00 | 60.00 | OK | |
r-patched-linux-x86_64 | 5.2 | 3.83 | 28.03 | 31.86 | OK | |
r-release-linux-x86_64 | 5.2 | 3.30 | 27.74 | 31.04 | OK | |
r-release-macos-arm64 | 5.2 | 21.00 | OK | |||
r-release-macos-x86_64 | 5.2 | 37.00 | OK | |||
r-release-windows-x86_64 | 5.2 | 4.00 | 55.00 | 59.00 | OK | |
r-oldrel-macos-arm64 | 5.2 | 19.00 | OK | |||
r-oldrel-macos-x86_64 | 5.2 | 38.00 | OK | |||
r-oldrel-windows-x86_64 | 5.2 | 4.00 | 58.00 | 62.00 | OK |
Version: 5.2
Check: CRAN incoming feasibility
Result: NOTE
Maintainer: ‘Guoli Sun <guolisun87@gmail.com>’
No Authors@R field in DESCRIPTION.
Please add one, modifying
Authors@R: c(person(given = "Guoli",
family = "Sun",
role = c("aut", "cre"),
email = "guolisun87@gmail.com"),
person(given = "Alex",
family = "Krasnitz",
role = "aut"))
as necessary.
Flavors: r-devel-linux-x86_64-debian-clang, r-devel-linux-x86_64-debian-gcc