Last updated on 2025-02-21 03:52:28 CET.
Flavor | Version | Tinstall | Tcheck | Ttotal | Status | Flags |
---|---|---|---|---|---|---|
r-devel-linux-x86_64-debian-clang | 1.0.2 | 27.00 | 67.14 | 94.14 | NOTE | |
r-devel-linux-x86_64-debian-gcc | 1.0.2 | 21.60 | 50.62 | 72.22 | NOTE | |
r-devel-linux-x86_64-fedora-clang | 1.0.2 | 162.01 | NOTE | |||
r-devel-linux-x86_64-fedora-gcc | 1.0.2 | 179.23 | NOTE | |||
r-devel-macos-arm64 | 1.0.2 | 56.00 | NOTE | |||
r-devel-macos-x86_64 | 1.0.2 | 113.00 | NOTE | |||
r-devel-windows-x86_64 | 1.0.2 | 33.00 | 122.00 | 155.00 | NOTE | |
r-patched-linux-x86_64 | 1.0.2 | 29.75 | 67.34 | 97.09 | NOTE | |
r-release-linux-x86_64 | 1.0.2 | 30.71 | 67.55 | 98.26 | NOTE | |
r-release-macos-arm64 | 1.0.2 | 72.00 | NOTE | |||
r-release-macos-x86_64 | 1.0.2 | 113.00 | NOTE | |||
r-release-windows-x86_64 | 1.0.2 | 33.00 | 125.00 | 158.00 | NOTE | |
r-oldrel-macos-arm64 | 1.0.2 | 91.00 | NOTE | |||
r-oldrel-macos-x86_64 | 1.0.2 | 124.00 | NOTE | |||
r-oldrel-windows-x86_64 | 1.0.2 | 40.00 | 129.00 | 169.00 | NOTE |
Version: 1.0.2
Check: C++ specification
Result: NOTE
Specified C++11: please drop specification unless essential
Flavors: r-devel-linux-x86_64-debian-clang, r-devel-linux-x86_64-debian-gcc, r-devel-linux-x86_64-fedora-clang, r-devel-linux-x86_64-fedora-gcc, r-devel-macos-arm64, r-devel-macos-x86_64, r-devel-windows-x86_64, r-patched-linux-x86_64, r-release-linux-x86_64, r-release-macos-arm64, r-release-macos-x86_64, r-release-windows-x86_64, r-oldrel-macos-arm64, r-oldrel-macos-x86_64, r-oldrel-windows-x86_64
Version: 1.0.2
Check: LazyData
Result: NOTE
'LazyData' is specified without a 'data' directory
Flavors: r-patched-linux-x86_64, r-release-linux-x86_64, r-release-macos-arm64, r-release-macos-x86_64, r-release-windows-x86_64, r-oldrel-macos-arm64, r-oldrel-macos-x86_64, r-oldrel-windows-x86_64
Version: 1.0.2
Check: installed package size
Result: NOTE
installed size is 5.3Mb
sub-directories of 1Mb or more:
libs 5.1Mb
Flavor: r-oldrel-macos-arm64