Last updated on 2025-04-30 04:50:21 CEST.
Flavor | Version | Tinstall | Tcheck | Ttotal | Status | Flags |
---|---|---|---|---|---|---|
r-devel-linux-x86_64-debian-clang | 1.9.1 | 3.59 | 47.06 | 50.65 | NOTE | |
r-devel-linux-x86_64-debian-gcc | 1.9.1 | 2.96 | 35.69 | 38.65 | NOTE | |
r-devel-linux-x86_64-fedora-clang | 1.9.1 | 78.48 | OK | |||
r-devel-linux-x86_64-fedora-gcc | 1.9.1 | 89.56 | OK | |||
r-devel-windows-x86_64 | 1.9.1 | 6.00 | 70.00 | 76.00 | OK | |
r-patched-linux-x86_64 | 1.9.1 | 4.07 | 45.49 | 49.56 | OK | |
r-release-linux-x86_64 | 1.9.1 | 3.55 | 45.34 | 48.89 | OK | |
r-release-macos-arm64 | 1.9.1 | 75.00 | OK | |||
r-release-macos-x86_64 | 1.9.1 | 66.00 | OK | |||
r-release-windows-x86_64 | 1.9.1 | 6.00 | 89.00 | 95.00 | OK | |
r-oldrel-macos-arm64 | 1.9.1 | 49.00 | OK | |||
r-oldrel-macos-x86_64 | 1.9.1 | 56.00 | OK | |||
r-oldrel-windows-x86_64 | 1.9.1 | 6.00 | 86.00 | 92.00 | OK |
Version: 1.9.1
Check: CRAN incoming feasibility
Result: NOTE
Maintainer: ‘Damiano Fantini <damiano.fantini@gmail.com>’
No Authors@R field in DESCRIPTION.
Please add one, modifying
Authors@R: person(given = "Damiano",
family = "Fantini",
role = c("aut", "cre"),
email = "damiano.fantini@gmail.com")
as necessary.
Flavors: r-devel-linux-x86_64-debian-clang, r-devel-linux-x86_64-debian-gcc