Last updated on 2025-07-05 04:50:28 CEST.
Flavor | Version | Tinstall | Tcheck | Ttotal | Status | Flags |
---|---|---|---|---|---|---|
r-devel-linux-x86_64-debian-clang | 1.2.7 | 29.68 | 315.35 | 345.03 | OK | |
r-devel-linux-x86_64-debian-gcc | 1.2.7 | 20.41 | 208.93 | 229.34 | OK | |
r-devel-linux-x86_64-fedora-clang | 1.2.7 | 533.28 | OK | |||
r-devel-linux-x86_64-fedora-gcc | 1.2.7 | 532.45 | OK | |||
r-devel-windows-x86_64 | 1.2.7 | 36.00 | 385.00 | 421.00 | OK | |
r-patched-linux-x86_64 | 1.2.7 | 28.35 | 314.03 | 342.38 | OK | |
r-release-linux-x86_64 | 1.2.7 | 24.92 | 308.87 | 333.79 | OK | |
r-release-macos-arm64 | 1.2.7 | 155.00 | OK | |||
r-release-macos-x86_64 | 1.2.7 | 274.00 | OK | |||
r-release-windows-x86_64 | 1.2.7 | 35.00 | 276.00 | 311.00 | OK | |
r-oldrel-macos-arm64 | 1.2.7 | 117.00 | NOTE | |||
r-oldrel-macos-x86_64 | 1.2.7 | 165.00 | NOTE | |||
r-oldrel-windows-x86_64 | 1.2.7 | 46.00 | 480.00 | 526.00 | NOTE |
Version: 1.2.7
Check: installed package size
Result: NOTE
installed size is 13.5Mb
sub-directories of 1Mb or more:
doc 12.0Mb
Flavors: r-oldrel-macos-arm64, r-oldrel-macos-x86_64, r-oldrel-windows-x86_64