Last updated on 2025-04-30 04:50:21 CEST.
Flavor | Version | Tinstall | Tcheck | Ttotal | Status | Flags |
---|---|---|---|---|---|---|
r-devel-linux-x86_64-debian-clang | 1.9.4 | 108.12 | 86.67 | 194.79 | OK | |
r-devel-linux-x86_64-debian-gcc | 1.9.4 | 86.12 | 65.08 | 151.20 | OK | |
r-devel-linux-x86_64-fedora-clang | 1.9.4 | 297.05 | NOTE | |||
r-devel-linux-x86_64-fedora-gcc | 1.9.4 | 384.33 | NOTE | |||
r-devel-windows-x86_64 | 1.9.4 | 128.00 | 330.00 | 458.00 | OK | |
r-patched-linux-x86_64 | 1.9.4 | 122.04 | 86.78 | 208.82 | OK | |
r-release-linux-x86_64 | 1.9.4 | 116.11 | 87.49 | 203.60 | OK | |
r-release-macos-arm64 | 1.9.4 | 106.00 | OK | |||
r-release-macos-x86_64 | 1.9.4 | 200.00 | OK | |||
r-release-windows-x86_64 | 1.9.4 | 123.00 | 186.00 | 309.00 | OK | |
r-oldrel-macos-arm64 | 1.9.4 | 99.00 | NOTE | |||
r-oldrel-macos-x86_64 | 1.9.4 | 248.00 | NOTE | |||
r-oldrel-windows-x86_64 | 1.9.4 | 138.00 | 207.00 | 345.00 | NOTE |
Version: 1.9.4
Check: dependencies in R code
Result: NOTE
Namespace in Imports field not imported from: ‘scales’
All declared Imports should be used.
Flavors: r-devel-linux-x86_64-fedora-clang, r-devel-linux-x86_64-fedora-gcc
Version: 1.9.4
Check: installed package size
Result: NOTE
installed size is 37.2Mb
sub-directories of 1Mb or more:
doc 1.3Mb
libs 35.5Mb
Flavors: r-oldrel-macos-arm64, r-oldrel-macos-x86_64
Version: 1.9.4
Check: for GNU extensions in Makefiles
Result: NOTE
GNU make is a SystemRequirements.
Flavors: r-oldrel-macos-arm64, r-oldrel-macos-x86_64, r-oldrel-windows-x86_64