Last updated on 2025-04-29 04:50:21 CEST.
Flavor | Version | Tinstall | Tcheck | Ttotal | Status | Flags |
---|---|---|---|---|---|---|
r-devel-linux-x86_64-debian-clang | 3.0.4 | 64.13 | 145.32 | 209.45 | OK | |
r-devel-linux-x86_64-debian-gcc | 3.0.4 | 41.92 | 109.76 | 151.68 | NOTE | |
r-devel-linux-x86_64-fedora-clang | 3.0.4 | 360.57 | OK | |||
r-devel-linux-x86_64-fedora-gcc | 3.0.4 | 335.73 | OK | |||
r-devel-windows-x86_64 | 3.0.4 | 78.00 | 548.00 | 626.00 | OK | |
r-patched-linux-x86_64 | 3.0.4 | 60.60 | 141.68 | 202.28 | OK | |
r-release-linux-x86_64 | 3.0.4 | 58.13 | 140.29 | 198.42 | OK | |
r-release-macos-arm64 | 3.0.4 | 266.00 | OK | |||
r-release-macos-x86_64 | 3.0.4 | 409.00 | OK | |||
r-release-windows-x86_64 | 3.0.4 | 78.00 | 403.00 | 481.00 | OK | |
r-oldrel-macos-arm64 | 3.0.4 | 230.00 | NOTE | |||
r-oldrel-macos-x86_64 | 3.0.4 | 337.00 | NOTE | |||
r-oldrel-windows-x86_64 | 3.0.4 | 90.00 | 682.00 | 772.00 | NOTE |
Version: 3.0.4
Check: examples
Result: NOTE
Examples with CPU (user + system) or elapsed time > 5s
user system elapsed
predict_diagram_ksvm 0.952 0.163 10.239
permutation_model_inference 0.517 0.058 17.947
diagram_kkmeans 0.179 0.000 5.767
predict_diagram_kpca 0.119 0.030 6.495
permutation_test 0.123 0.007 5.540
predict_diagram_kkmeans 0.097 0.011 10.085
distance_matrix 0.095 0.001 5.258
Flavor: r-devel-linux-x86_64-debian-gcc
Version: 3.0.4
Check: installed package size
Result: NOTE
installed size is 10.5Mb
sub-directories of 1Mb or more:
doc 8.2Mb
libs 1.8Mb
Flavors: r-oldrel-macos-arm64, r-oldrel-macos-x86_64, r-oldrel-windows-x86_64