Last updated on 2025-11-04 03:51:11 CET.
| Flavor | Version | Tinstall | Tcheck | Ttotal | Status | Flags | 
|---|---|---|---|---|---|---|
| r-devel-linux-x86_64-debian-clang | 0.1-2 | 5.20 | 38.92 | 44.12 | NOTE | |
| r-devel-linux-x86_64-debian-gcc | 0.1-2 | 3.21 | 29.33 | 32.54 | NOTE | |
| r-devel-linux-x86_64-fedora-clang | 0.1-2 | 11.00 | 55.70 | 66.70 | NOTE | |
| r-devel-linux-x86_64-fedora-gcc | 0.1-2 | 62.08 | NOTE | |||
| r-devel-windows-x86_64 | 0.1-2 | 5.00 | 56.00 | 61.00 | NOTE | |
| r-patched-linux-x86_64 | 0.1-2 | 4.80 | 37.57 | 42.37 | OK | |
| r-release-linux-x86_64 | 0.1-2 | 4.74 | 37.54 | 42.28 | OK | |
| r-release-macos-arm64 | 0.1-2 | 2.00 | 22.00 | 24.00 | OK | |
| r-release-macos-x86_64 | 0.1-2 | 4.00 | 36.00 | 40.00 | OK | |
| r-release-windows-x86_64 | 0.1-2 | 7.00 | 55.00 | 62.00 | OK | |
| r-oldrel-macos-arm64 | 0.1-2 | 2.00 | 21.00 | 23.00 | OK | |
| r-oldrel-macos-x86_64 | 0.1-2 | 3.00 | 31.00 | 34.00 | OK | |
| r-oldrel-windows-x86_64 | 0.1-2 | 6.00 | 61.00 | 67.00 | OK | 
Version: 0.1-2
Check: CRAN incoming feasibility
Result: NOTE
  Maintainer: ‘Mikael Lucas <mikael.lucas@ird.fr>’
  
  No Authors@R field in DESCRIPTION.
  Please add one, modifying
    Authors@R: c(person(given = "Julien",
                        family = "Lavenus",
                        role = "aut"),
                 person(given = "Mikael",
                        family = "Lucas",
                        role = "cre",
                        email = "mikael.lucas@ird.fr"))
  as necessary.
Flavors: r-devel-linux-x86_64-debian-clang, r-devel-linux-x86_64-debian-gcc
Version: 0.1-2
Check: Rd files
Result: NOTE
  checkRd: (-1) TDCor-package.Rd:11-17: Only 2 columns allowed in this table (row 5 has 1)
Flavors: r-devel-linux-x86_64-debian-clang, r-devel-linux-x86_64-debian-gcc, r-devel-linux-x86_64-fedora-clang, r-devel-linux-x86_64-fedora-gcc, r-devel-windows-x86_64