Last updated on 2025-04-30 04:50:21 CEST.
Flavor | Version | Tinstall | Tcheck | Ttotal | Status | Flags |
---|---|---|---|---|---|---|
r-devel-linux-x86_64-debian-clang | 0.1-2 | 4.87 | 37.07 | 41.94 | NOTE | |
r-devel-linux-x86_64-debian-gcc | 0.1-2 | 3.53 | 27.75 | 31.28 | NOTE | |
r-devel-linux-x86_64-fedora-clang | 0.1-2 | 65.20 | OK | |||
r-devel-linux-x86_64-fedora-gcc | 0.1-2 | 62.35 | OK | |||
r-devel-windows-x86_64 | 0.1-2 | 6.00 | 62.00 | 68.00 | OK | |
r-patched-linux-x86_64 | 0.1-2 | 5.40 | 36.01 | 41.41 | OK | |
r-release-linux-x86_64 | 0.1-2 | 4.22 | 35.31 | 39.53 | OK | |
r-release-macos-arm64 | 0.1-2 | 24.00 | OK | |||
r-release-macos-x86_64 | 0.1-2 | 40.00 | OK | |||
r-release-windows-x86_64 | 0.1-2 | 5.00 | 58.00 | 63.00 | OK | |
r-oldrel-macos-arm64 | 0.1-2 | 23.00 | OK | |||
r-oldrel-macos-x86_64 | 0.1-2 | 34.00 | OK | |||
r-oldrel-windows-x86_64 | 0.1-2 | 7.00 | 65.00 | 72.00 | OK |
Version: 0.1-2
Check: CRAN incoming feasibility
Result: NOTE
Maintainer: ‘Mikael Lucas <mikael.lucas@ird.fr>’
No Authors@R field in DESCRIPTION.
Please add one, modifying
Authors@R: c(person(given = "Julien",
family = "Lavenus",
role = "aut"),
person(given = "Mikael",
family = "Lucas",
role = "cre",
email = "mikael.lucas@ird.fr"))
as necessary.
Flavors: r-devel-linux-x86_64-debian-clang, r-devel-linux-x86_64-debian-gcc