Last updated on 2025-04-30 04:50:21 CEST.
Flavor | Version | Tinstall | Tcheck | Ttotal | Status | Flags |
---|---|---|---|---|---|---|
r-devel-linux-x86_64-debian-clang | 1.1.1 | 5.13 | 108.44 | 113.57 | NOTE | |
r-devel-linux-x86_64-debian-gcc | 1.1.1 | 3.85 | 112.96 | 116.81 | NOTE | |
r-devel-linux-x86_64-fedora-clang | 1.1.1 | 135.33 | OK | |||
r-devel-linux-x86_64-fedora-gcc | 1.1.1 | 165.85 | OK | |||
r-devel-windows-x86_64 | 1.1.1 | 7.00 | 461.00 | 468.00 | OK | |
r-patched-linux-x86_64 | 1.1.1 | 6.03 | 106.94 | 112.97 | OK | |
r-release-linux-x86_64 | 1.1.1 | 5.25 | 105.24 | 110.49 | OK | |
r-release-macos-arm64 | 1.1.1 | 49.00 | OK | |||
r-release-macos-x86_64 | 1.1.1 | 75.00 | OK | |||
r-release-windows-x86_64 | 1.1.1 | 8.00 | 256.00 | 264.00 | OK | |
r-oldrel-macos-arm64 | 1.1.1 | 53.00 | OK | |||
r-oldrel-macos-x86_64 | 1.1.1 | 76.00 | OK | |||
r-oldrel-windows-x86_64 | 1.1.1 | 10.00 | 168.00 | 178.00 | OK |
Version: 1.1.1
Check: examples
Result: NOTE
Examples with CPU (user + system) or elapsed time > 5s
user system elapsed
run_model 1.754 0.408 9.732
Flavor: r-devel-linux-x86_64-debian-clang
Version: 1.1.1
Check: examples
Result: NOTE
Examples with CPU (user + system) or elapsed time > 5s
user system elapsed
run_model 1.862 1.049 14.630
extract_opportunities 1.558 0.281 5.849
gof 1.156 0.313 5.603
run_law 0.986 0.361 5.088
Flavor: r-devel-linux-x86_64-debian-gcc