CRAN Package Check Results for Package TDPanalysis

Last updated on 2025-04-30 04:50:21 CEST.

Flavor Version Tinstall Tcheck Ttotal Status Flags
r-devel-linux-x86_64-debian-clang 1.0 2.37 23.67 26.04 NOTE
r-devel-linux-x86_64-debian-gcc 1.0 1.73 19.30 21.03 NOTE
r-devel-linux-x86_64-fedora-clang 1.0 40.96 OK
r-devel-linux-x86_64-fedora-gcc 1.0 39.15 OK
r-devel-windows-x86_64 1.0 3.00 50.00 53.00 OK
r-patched-linux-x86_64 1.0 2.44 22.88 25.32 OK
r-release-linux-x86_64 1.0 2.18 22.85 25.03 OK
r-release-macos-arm64 1.0 20.00 OK
r-release-macos-x86_64 1.0 29.00 OK
r-release-windows-x86_64 1.0 3.00 54.00 57.00 OK
r-oldrel-macos-arm64 1.0 17.00 OK
r-oldrel-macos-x86_64 1.0 25.00 OK
r-oldrel-windows-x86_64 1.0 4.00 50.00 54.00 OK

Check Details

Version: 1.0
Check: CRAN incoming feasibility
Result: NOTE Maintainer: ‘Maxime Durand <duran1211@gmail.com>’ No Authors@R field in DESCRIPTION. Please add one, modifying Authors@R: person(given = "Maxime", family = "Durand", role = c("aut", "cre"), email = "duran1211@gmail.com") as necessary. Flavors: r-devel-linux-x86_64-debian-clang, r-devel-linux-x86_64-debian-gcc