Last updated on 2025-04-30 04:50:21 CEST.
Flavor | Version | Tinstall | Tcheck | Ttotal | Status | Flags |
---|---|---|---|---|---|---|
r-devel-linux-x86_64-debian-clang | 6.0-0 | 2.13 | 40.41 | 42.54 | NOTE | |
r-devel-linux-x86_64-debian-gcc | 6.0-0 | 1.65 | 26.47 | 28.12 | NOTE | |
r-devel-linux-x86_64-fedora-clang | 6.0-0 | 69.75 | OK | |||
r-devel-linux-x86_64-fedora-gcc | 6.0-0 | 66.54 | OK | |||
r-devel-windows-x86_64 | 6.0-0 | 3.00 | 54.00 | 57.00 | OK | |
r-patched-linux-x86_64 | 6.0-0 | 2.43 | 39.66 | 42.09 | OK | |
r-release-linux-x86_64 | 6.0-0 | 1.83 | 38.98 | 40.81 | OK | |
r-release-macos-arm64 | 6.0-0 | 22.00 | OK | |||
r-release-macos-x86_64 | 6.0-0 | 58.00 | OK | |||
r-release-windows-x86_64 | 6.0-0 | 3.00 | 55.00 | 58.00 | OK | |
r-oldrel-macos-arm64 | 6.0-0 | 21.00 | OK | |||
r-oldrel-macos-x86_64 | 6.0-0 | 39.00 | OK | |||
r-oldrel-windows-x86_64 | 6.0-0 | 3.00 | 53.00 | 56.00 | OK |
Version: 6.0-0
Check: CRAN incoming feasibility
Result: NOTE
Maintainer: ‘M. Suzette Blanchard <sblanchard@coh.org>’
No Authors@R field in DESCRIPTION.
Please add one, modifying
Authors@R: person(given = c("M.", "Suzette"),
family = "Blanchard",
role = c("aut", "cre"),
email = "sblanchard@coh.org")
as necessary.
Flavors: r-devel-linux-x86_64-debian-clang, r-devel-linux-x86_64-debian-gcc
Version: 6.0-0
Check: examples
Result: NOTE
Examples with CPU (user + system) or elapsed time > 5s
user system elapsed
print.teqrOCact 5.614 0 6.625
teqrOCtox 3.835 0 5.135
Flavor: r-devel-linux-x86_64-debian-clang