Last updated on 2025-04-30 04:50:21 CEST.
Flavor | Version | Tinstall | Tcheck | Ttotal | Status | Flags |
---|---|---|---|---|---|---|
r-devel-linux-x86_64-debian-clang | 0.0.9 | 12.08 | 21.85 | 33.93 | NOTE | |
r-devel-linux-x86_64-debian-gcc | 0.0.9 | 8.15 | 17.67 | 25.82 | NOTE | |
r-devel-linux-x86_64-fedora-clang | 0.0.9 | 65.12 | NOTE | |||
r-devel-linux-x86_64-fedora-gcc | 0.0.9 | 53.69 | NOTE | |||
r-devel-windows-x86_64 | 0.0.9 | 17.00 | 79.00 | 96.00 | NOTE | |
r-patched-linux-x86_64 | 0.0.9 | 11.49 | 21.33 | 32.82 | NOTE | |
r-release-linux-x86_64 | 0.0.9 | 11.01 | 21.11 | 32.12 | NOTE | |
r-release-macos-arm64 | 0.0.9 | 24.00 | NOTE | |||
r-release-macos-x86_64 | 0.0.9 | 33.00 | NOTE | |||
r-release-windows-x86_64 | 0.0.9 | 17.00 | 62.00 | 79.00 | NOTE | |
r-oldrel-macos-arm64 | 0.0.9 | 22.00 | NOTE | |||
r-oldrel-macos-x86_64 | 0.0.9 | 29.00 | NOTE | |||
r-oldrel-windows-x86_64 | 0.0.9 | 15.00 | 71.00 | 86.00 | NOTE |
Version: 0.0.9
Check: CRAN incoming feasibility
Result: NOTE
Maintainer: ‘Ge Tan <ge_tan@live.com>’
No Authors@R field in DESCRIPTION.
Please add one, modifying
Authors@R: person(given = "Ge",
family = "Tan",
role = c("aut", "cre"),
email = "ge_tan@live.com")
as necessary.
Flavors: r-devel-linux-x86_64-debian-clang, r-devel-linux-x86_64-debian-gcc
Version: 0.0.9
Check: C++ specification
Result: NOTE
Specified C++11: please drop specification unless essential
Flavors: r-devel-linux-x86_64-debian-clang, r-devel-linux-x86_64-debian-gcc, r-devel-linux-x86_64-fedora-clang, r-devel-linux-x86_64-fedora-gcc, r-devel-windows-x86_64, r-patched-linux-x86_64, r-release-linux-x86_64, r-release-macos-arm64, r-release-macos-x86_64, r-release-windows-x86_64, r-oldrel-macos-arm64, r-oldrel-macos-x86_64, r-oldrel-windows-x86_64