CRAN Package Check Results for Package TGST

Last updated on 2025-04-30 04:50:21 CEST.

Flavor Version Tinstall Tcheck Ttotal Status Flags
r-devel-linux-x86_64-debian-clang 1.0 6.03 67.44 73.47 NOTE
r-devel-linux-x86_64-debian-gcc 1.0 4.15 49.69 53.84 OK
r-devel-linux-x86_64-fedora-clang 1.0 106.03 NOTE
r-devel-linux-x86_64-fedora-gcc 1.0 117.35 NOTE
r-devel-windows-x86_64 1.0 7.00 164.00 171.00 OK
r-patched-linux-x86_64 1.0 5.50 64.51 70.01 OK
r-release-linux-x86_64 1.0 5.18 63.70 68.88 OK
r-release-macos-arm64 1.0 73.00 OK
r-release-macos-x86_64 1.0 87.00 OK
r-release-windows-x86_64 1.0 8.00 177.00 185.00 OK
r-oldrel-macos-arm64 1.0 43.00 OK
r-oldrel-macos-x86_64 1.0 73.00 OK
r-oldrel-windows-x86_64 1.0 8.00 124.00 132.00 OK

Check Details

Version: 1.0
Check: examples
Result: NOTE Examples with CPU (user + system) or elapsed time > 5s user system elapsed CV.TGST 4.293 0.073 5.626 Flavor: r-devel-linux-x86_64-debian-clang

Version: 1.0
Check: dependencies in R code
Result: NOTE Namespace in Imports field not imported from: ‘knitr’ All declared Imports should be used. Flavors: r-devel-linux-x86_64-fedora-clang, r-devel-linux-x86_64-fedora-gcc