CRAN Package Check Results for Package TH.data

Last updated on 2025-04-30 04:50:21 CEST.

Flavor Version Tinstall Tcheck Ttotal Status Flags
r-devel-linux-x86_64-debian-clang 1.1-3 5.42 88.70 94.12 NOTE
r-devel-linux-x86_64-debian-gcc 1.1-3 3.36 66.81 70.17 NOTE
r-devel-linux-x86_64-fedora-clang 1.1-3 139.81 OK
r-devel-linux-x86_64-fedora-gcc 1.1-3 159.61 OK
r-devel-windows-x86_64 1.1-3 8.00 369.00 377.00 OK
r-patched-linux-x86_64 1.1-3 5.74 86.01 91.75 NOTE
r-release-linux-x86_64 1.1-3 5.01 86.35 91.36 NOTE
r-release-macos-arm64 1.1-3 79.00 OK
r-release-macos-x86_64 1.1-3 99.00 OK
r-release-windows-x86_64 1.1-3 7.00 365.00 372.00 OK
r-oldrel-macos-arm64 1.1-3 59.00 NOTE
r-oldrel-macos-x86_64 1.1-3 118.00 NOTE
r-oldrel-windows-x86_64 1.1-3 8.00 467.00 475.00 NOTE

Check Details

Version: 1.1-3
Check: for unstated dependencies in ‘demo’
Result: NOTE 'library' or 'require' calls not declared from: ‘dplyr’ ‘openxlsx’ ‘plyr’ Flavors: r-devel-linux-x86_64-debian-clang, r-devel-linux-x86_64-debian-gcc, r-patched-linux-x86_64, r-release-linux-x86_64

Version: 1.1-3
Check: installed package size
Result: NOTE installed size is 8.8Mb sub-directories of 1Mb or more: data 1.1Mb rda 7.0Mb Flavors: r-oldrel-macos-arm64, r-oldrel-macos-x86_64, r-oldrel-windows-x86_64