Last updated on 2025-04-30 04:50:22 CEST.
Flavor | Version | Tinstall | Tcheck | Ttotal | Status | Flags |
---|---|---|---|---|---|---|
r-devel-linux-x86_64-debian-clang | 2.4.3 | 7.69 | 118.78 | 126.47 | NOTE | |
r-devel-linux-x86_64-debian-gcc | 2.4.3 | 6.01 | 82.83 | 88.84 | NOTE | |
r-devel-linux-x86_64-fedora-clang | 2.4.3 | 185.59 | OK | |||
r-devel-linux-x86_64-fedora-gcc | 2.4.3 | 191.27 | OK | |||
r-devel-windows-x86_64 | 2.4.3 | 9.00 | 389.00 | 398.00 | NOTE | |
r-patched-linux-x86_64 | 2.4.3 | 8.07 | 113.36 | 121.43 | NOTE | |
r-release-linux-x86_64 | 2.4.3 | 7.62 | 112.76 | 120.38 | NOTE | |
r-release-macos-arm64 | 2.4.3 | 64.00 | OK | |||
r-release-macos-x86_64 | 2.4.3 | 119.00 | OK | |||
r-release-windows-x86_64 | 2.4.3 | 10.00 | 390.00 | 400.00 | NOTE | |
r-oldrel-macos-arm64 | 2.4.3 | 58.00 | OK | |||
r-oldrel-macos-x86_64 | 2.4.3 | 128.00 | OK | |||
r-oldrel-windows-x86_64 | 2.4.3 | 13.00 | 209.00 | 222.00 | OK |
Version: 2.4.3
Check: Rd cross-references
Result: NOTE
Found the following Rd file(s) with Rd \link{} targets missing package
anchors:
plot_taxa_ridges.Rd: scale_fill_gradient, theme_ridges,
geom_density_ridges
Please provide package anchors for all Rd \link{} targets not in the
package itself and the base packages.
Flavors: r-devel-linux-x86_64-debian-clang, r-devel-linux-x86_64-debian-gcc, r-devel-windows-x86_64, r-patched-linux-x86_64, r-release-linux-x86_64, r-release-windows-x86_64
Version: 2.4.3
Check: examples
Result: NOTE
Examples with CPU (user + system) or elapsed time > 5s
user system elapsed
plot_taxa_ridges 3.524 0.122 5.012
titan 1.262 0.044 5.225
Flavor: r-devel-linux-x86_64-debian-clang