Last updated on 2025-04-30 04:50:22 CEST.
Flavor | Version | Tinstall | Tcheck | Ttotal | Status | Flags |
---|---|---|---|---|---|---|
r-devel-linux-x86_64-debian-clang | 0.7.5.3 | 26.33 | 268.03 | 294.36 | NOTE | |
r-devel-linux-x86_64-debian-gcc | 0.7.5.3 | 18.59 | 147.75 | 166.34 | NOTE | |
r-devel-linux-x86_64-fedora-clang | 0.7.5.3 | 488.23 | OK | |||
r-devel-linux-x86_64-fedora-gcc | 0.7.5.3 | 472.79 | OK | |||
r-devel-windows-x86_64 | 0.7.5.3 | 34.00 | 320.00 | 354.00 | OK | |
r-patched-linux-x86_64 | 0.7.5.3 | 27.57 | 251.00 | 278.57 | OK | |
r-release-linux-x86_64 | 0.7.5.3 | 24.52 | 249.98 | 274.50 | OK | |
r-release-macos-arm64 | 0.7.5.3 | 134.00 | OK | |||
r-release-macos-x86_64 | 0.7.5.3 | 213.00 | OK | |||
r-release-windows-x86_64 | 0.7.5.3 | 34.00 | 323.00 | 357.00 | OK | |
r-oldrel-macos-arm64 | 0.7.5.3 | 107.00 | OK | |||
r-oldrel-macos-x86_64 | 0.7.5.3 | 180.00 | OK | |||
r-oldrel-windows-x86_64 | 0.7.5.3 | 37.00 | 365.00 | 402.00 | OK |
Version: 0.7.5.3
Check: CRAN incoming feasibility
Result: NOTE
Maintainer: ‘Jona Lilienthal <lilienthal@statistik.tu-dortmund.de>’
No Authors@R field in DESCRIPTION.
Please add one, modifying
Authors@R: person(given = "Jona",
family = "Lilienthal",
role = c("aut", "cre"),
email = "lilienthal@statistik.tu-dortmund.de")
as necessary.
Flavors: r-devel-linux-x86_64-debian-clang, r-devel-linux-x86_64-debian-gcc