CRAN Package Check Results for Package TMB

Last updated on 2025-04-30 04:50:22 CEST.

Flavor Version Tinstall Tcheck Ttotal Status Flags
r-devel-linux-x86_64-debian-clang 1.9.17 76.28 71.96 148.24 OK
r-devel-linux-x86_64-debian-gcc 1.9.17 64.65 53.91 118.56 OK
r-devel-linux-x86_64-fedora-clang 1.9.17 225.36 OK
r-devel-linux-x86_64-fedora-gcc 1.9.17 279.79 OK
r-devel-windows-x86_64 1.9.17 109.00 85.00 194.00 OK
r-patched-linux-x86_64 1.9.17 86.20 74.28 160.48 OK
r-release-linux-x86_64 1.9.17 86.55 73.16 159.71 OK
r-release-macos-arm64 1.9.17 73.00 OK
r-release-macos-x86_64 1.9.17 228.00 OK
r-release-windows-x86_64 1.9.17 107.00 100.00 207.00 OK
r-oldrel-macos-arm64 1.9.17 62.00 NOTE
r-oldrel-macos-x86_64 1.9.17 146.00 NOTE
r-oldrel-windows-x86_64 1.9.17 112.00 116.00 228.00 NOTE

Check Details

Version: 1.9.17
Check: installed package size
Result: NOTE installed size is 16.6Mb sub-directories of 1Mb or more: examples 12.4Mb include 3.6Mb Flavors: r-oldrel-macos-arm64, r-oldrel-macos-x86_64, r-oldrel-windows-x86_64