Last updated on 2025-04-30 04:50:22 CEST.
Flavor | Version | Tinstall | Tcheck | Ttotal | Status | Flags |
---|---|---|---|---|---|---|
r-devel-linux-x86_64-debian-clang | 0.1.0 | 5.55 | 57.26 | 62.81 | NOTE | |
r-devel-linux-x86_64-debian-gcc | 0.1.0 | 3.77 | 38.93 | 42.70 | OK | |
r-devel-linux-x86_64-fedora-clang | 0.1.0 | 88.43 | OK | |||
r-devel-linux-x86_64-fedora-gcc | 0.1.0 | 85.26 | OK | |||
r-devel-windows-x86_64 | 0.1.0 | 7.00 | 172.00 | 179.00 | OK | |
r-patched-linux-x86_64 | 0.1.0 | 5.31 | 54.34 | 59.65 | OK | |
r-release-linux-x86_64 | 0.1.0 | 5.10 | 54.15 | 59.25 | OK | |
r-release-macos-arm64 | 0.1.0 | 32.00 | OK | |||
r-release-macos-x86_64 | 0.1.0 | 49.00 | OK | |||
r-release-windows-x86_64 | 0.1.0 | 7.00 | 139.00 | 146.00 | OK | |
r-oldrel-macos-arm64 | 0.1.0 | 27.00 | OK | |||
r-oldrel-macos-x86_64 | 0.1.0 | 41.00 | OK | |||
r-oldrel-windows-x86_64 | 0.1.0 | 10.00 | 85.00 | 95.00 | OK |
Version: 0.1.0
Check: examples
Result: NOTE
Examples with CPU (user + system) or elapsed time > 5s
user system elapsed
fit.model.tou 6.458 0.028 9.704
draw.model.tou 6.207 0.172 9.566
Flavor: r-devel-linux-x86_64-debian-clang