Last updated on 2025-04-30 04:50:22 CEST.
Flavor | Version | Tinstall | Tcheck | Ttotal | Status | Flags |
---|---|---|---|---|---|---|
r-devel-linux-x86_64-debian-clang | 1.5.1 | 5.37 | 43.87 | 49.24 | NOTE | |
r-devel-linux-x86_64-debian-gcc | 1.5.1 | 3.68 | 28.92 | 32.60 | NOTE | |
r-devel-linux-x86_64-fedora-clang | 1.5.1 | 75.97 | OK | |||
r-devel-linux-x86_64-fedora-gcc | 1.5.1 | 74.54 | OK | |||
r-devel-windows-x86_64 | 1.5.1 | 6.00 | 216.00 | 222.00 | OK | |
r-patched-linux-x86_64 | 1.5.1 | 5.05 | 42.00 | 47.05 | OK | |
r-release-linux-x86_64 | 1.5.1 | 4.95 | 41.68 | 46.63 | OK | |
r-release-macos-arm64 | 1.5.1 | 26.00 | OK | |||
r-release-macos-x86_64 | 1.5.1 | 43.00 | OK | |||
r-release-windows-x86_64 | 1.5.1 | 9.00 | 272.00 | 281.00 | OK | |
r-oldrel-macos-arm64 | 1.5.1 | 27.00 | OK | |||
r-oldrel-macos-x86_64 | 1.5.1 | 36.00 | OK | |||
r-oldrel-windows-x86_64 | 1.5.1 | 7.00 | 175.00 | 182.00 | OK |
Version: 1.5.1
Check: CRAN incoming feasibility
Result: NOTE
Maintainer: ‘Vanesa Balboa-Barreiro <vanesa.balboa@uvigo.es>’
No Authors@R field in DESCRIPTION.
Please add one, modifying
Authors@R: c(person(given = "Vanesa",
family = "Balboa-Barreiro",
role = c("aut", "cre"),
email = "vanesa.balboa@uvigo.es"),
person(given = "Jacobo",
family = "de Una-Alvarez",
role = "aut",
email = "jacobo@uvigo.es"),
person(given = "Luis",
family = "Meira-Machado",
role = "aut",
email = "lmachado@math.uminho.pt"))
as necessary.
File 'R/TP.idm-internal.R' sets .Random.seed.
This is usually neither needed nor wanted.
Flavors: r-devel-linux-x86_64-debian-clang, r-devel-linux-x86_64-debian-gcc
Version: 1.5.1
Check: examples
Result: NOTE
Examples with CPU (user + system) or elapsed time > 5s
user system elapsed
test.nm 4.555 0.02 5.830
plot.TPidm 3.925 0.00 5.259
Flavor: r-devel-linux-x86_64-debian-clang