Last updated on 2025-04-30 04:50:22 CEST.
Flavor | Version | Tinstall | Tcheck | Ttotal | Status | Flags |
---|---|---|---|---|---|---|
r-devel-linux-x86_64-debian-clang | 1.1.0 | 9.32 | 143.24 | 152.56 | NOTE | |
r-devel-linux-x86_64-debian-gcc | 1.1.0 | 7.28 | 99.06 | 106.34 | NOTE | |
r-devel-linux-x86_64-fedora-clang | 1.1.0 | 223.72 | OK | |||
r-devel-linux-x86_64-fedora-gcc | 1.1.0 | 231.15 | OK | |||
r-devel-windows-x86_64 | 1.1.0 | 11.00 | 317.00 | 328.00 | OK | |
r-patched-linux-x86_64 | 1.1.0 | 8.87 | 135.98 | 144.85 | OK | |
r-release-linux-x86_64 | 1.1.0 | 9.18 | 134.91 | 144.09 | OK | |
r-release-macos-arm64 | 1.1.0 | 68.00 | OK | |||
r-release-macos-x86_64 | 1.1.0 | 135.00 | OK | |||
r-release-windows-x86_64 | 1.1.0 | 13.00 | 314.00 | 327.00 | OK | |
r-oldrel-macos-arm64 | 1.1.0 | 68.00 | NOTE | |||
r-oldrel-macos-x86_64 | 1.1.0 | 110.00 | NOTE | |||
r-oldrel-windows-x86_64 | 1.1.0 | 15.00 | 191.00 | 206.00 | NOTE |
Version: 1.1.0
Check: CRAN incoming feasibility
Result: NOTE
Maintainer: ‘Carlos P. Carmona <perezcarmonacarlos@gmail.com>’
No Authors@R field in DESCRIPTION.
Please add one, modifying
Authors@R: person(given = c("Carlos", "P."),
family = "Carmona",
role = c("aut", "cre"),
email = "perezcarmonacarlos@gmail.com")
as necessary.
Flavors: r-devel-linux-x86_64-debian-clang, r-devel-linux-x86_64-debian-gcc
Version: 1.1.0
Check: LazyData
Result: NOTE
'LazyData' is specified without a 'data' directory
Flavors: r-oldrel-macos-arm64, r-oldrel-macos-x86_64, r-oldrel-windows-x86_64