Last updated on 2025-02-21 03:52:29 CET.
Flavor | Version | Tinstall | Tcheck | Ttotal | Status | Flags |
---|---|---|---|---|---|---|
r-devel-linux-x86_64-debian-clang | 1.1.0 | 10.06 | 138.47 | 148.53 | OK | |
r-devel-linux-x86_64-debian-gcc | 1.1.0 | 7.12 | 96.29 | 103.41 | OK | |
r-devel-linux-x86_64-fedora-clang | 1.1.0 | 231.89 | OK | |||
r-devel-linux-x86_64-fedora-gcc | 1.1.0 | 232.67 | OK | |||
r-devel-macos-arm64 | 1.1.0 | 71.00 | OK | |||
r-devel-macos-x86_64 | 1.1.0 | 158.00 | OK | |||
r-devel-windows-x86_64 | 1.1.0 | 11.00 | 327.00 | 338.00 | OK | |
r-patched-linux-x86_64 | 1.1.0 | 9.23 | 128.70 | 137.93 | NOTE | |
r-release-linux-x86_64 | 1.1.0 | 9.62 | 128.30 | 137.92 | NOTE | |
r-release-macos-arm64 | 1.1.0 | 68.00 | NOTE | |||
r-release-macos-x86_64 | 1.1.0 | 110.00 | NOTE | |||
r-release-windows-x86_64 | 1.1.0 | 11.00 | 333.00 | 344.00 | NOTE | |
r-oldrel-macos-arm64 | 1.1.0 | 89.00 | NOTE | |||
r-oldrel-macos-x86_64 | 1.1.0 | 122.00 | NOTE | |||
r-oldrel-windows-x86_64 | 1.1.0 | 14.00 | 190.00 | 204.00 | NOTE |
Version: 1.1.0
Check: LazyData
Result: NOTE
'LazyData' is specified without a 'data' directory
Flavors: r-patched-linux-x86_64, r-release-linux-x86_64, r-release-macos-arm64, r-release-macos-x86_64, r-release-windows-x86_64, r-oldrel-macos-arm64, r-oldrel-macos-x86_64, r-oldrel-windows-x86_64