Last updated on 2025-11-04 03:51:12 CET.
| Flavor | Version | Tinstall | Tcheck | Ttotal | Status | Flags | 
|---|---|---|---|---|---|---|
| r-devel-linux-x86_64-debian-clang | 1.0.4 | 30.61 | 81.57 | 112.18 | OK | |
| r-devel-linux-x86_64-debian-gcc | 1.0.4 | 25.11 | 60.18 | 85.29 | OK | |
| r-devel-linux-x86_64-fedora-clang | 1.0.4 | 59.00 | 108.90 | 167.90 | OK | |
| r-devel-linux-x86_64-fedora-gcc | 1.0.4 | 58.00 | 119.39 | 177.39 | OK | |
| r-devel-windows-x86_64 | 1.0.4 | 30.00 | 93.00 | 123.00 | OK | |
| r-patched-linux-x86_64 | 1.0.4 | 26.02 | 79.83 | 105.85 | OK | |
| r-release-linux-x86_64 | 1.0.4 | 30.58 | 79.17 | 109.75 | OK | |
| r-release-macos-arm64 | 1.0.4 | 24.00 | 49.00 | 73.00 | OK | |
| r-release-macos-x86_64 | 1.0.4 | 34.00 | 85.00 | 119.00 | OK | |
| r-release-windows-x86_64 | 1.0.4 | 32.00 | 93.00 | 125.00 | OK | |
| r-oldrel-macos-arm64 | 1.0.4 | 24.00 | 45.00 | 69.00 | NOTE | |
| r-oldrel-macos-x86_64 | 1.0.4 | 25.00 | 67.00 | 92.00 | NOTE | |
| r-oldrel-windows-x86_64 | 1.0.4 | 42.00 | 116.00 | 158.00 | OK | 
Version: 1.0.4
Check: installed package size
Result: NOTE
    installed size is  5.3Mb
    sub-directories of 1Mb or more:
      data   5.1Mb
Flavors: r-oldrel-macos-arm64, r-oldrel-macos-x86_64