Last updated on 2025-02-21 03:52:29 CET.
Flavor | Version | Tinstall | Tcheck | Ttotal | Status | Flags |
---|---|---|---|---|---|---|
r-devel-linux-x86_64-debian-clang | 1.0.4 | 26.98 | 66.53 | 93.51 | OK | |
r-devel-linux-x86_64-debian-gcc | 1.0.4 | 24.97 | 48.72 | 73.69 | OK | |
r-devel-linux-x86_64-fedora-clang | 1.0.4 | 155.23 | OK | |||
r-devel-linux-x86_64-fedora-gcc | 1.0.4 | 157.61 | OK | |||
r-devel-macos-arm64 | 1.0.4 | 72.00 | OK | |||
r-devel-macos-x86_64 | 1.0.4 | 119.00 | OK | |||
r-devel-windows-x86_64 | 1.0.4 | 31.00 | 245.00 | 276.00 | OK | |
r-patched-linux-x86_64 | 1.0.4 | 28.00 | 63.54 | 91.54 | OK | |
r-release-linux-x86_64 | 1.0.4 | 28.91 | 63.32 | 92.23 | OK | |
r-release-macos-arm64 | 1.0.4 | 69.00 | NOTE | |||
r-release-macos-x86_64 | 1.0.4 | 92.00 | NOTE | |||
r-release-windows-x86_64 | 1.0.4 | 32.00 | 201.00 | 233.00 | OK | |
r-oldrel-macos-arm64 | 1.0.4 | 70.00 | NOTE | |||
r-oldrel-macos-x86_64 | 1.0.4 | 101.00 | NOTE | |||
r-oldrel-windows-x86_64 | 1.0.4 | 38.00 | 268.00 | 306.00 | OK |
Version: 1.0.4
Check: installed package size
Result: NOTE
installed size is 5.3Mb
sub-directories of 1Mb or more:
data 5.1Mb
Flavors: r-release-macos-arm64, r-release-macos-x86_64, r-oldrel-macos-arm64, r-oldrel-macos-x86_64