CRAN Package Check Results for Package TRD

Last updated on 2025-04-30 04:50:22 CEST.

Flavor Version Tinstall Tcheck Ttotal Status Flags
r-devel-linux-x86_64-debian-clang 1.1 3.74 26.53 30.27 NOTE
r-devel-linux-x86_64-debian-gcc 1.1 2.48 20.17 22.65 NOTE
r-devel-linux-x86_64-fedora-clang 1.1 47.34 OK
r-devel-linux-x86_64-fedora-gcc 1.1 45.55 OK
r-devel-windows-x86_64 1.1 4.00 120.00 124.00 OK
r-patched-linux-x86_64 1.1 3.80 26.54 30.34 OK
r-release-linux-x86_64 1.1 3.77 26.33 30.10 OK
r-release-macos-arm64 1.1 20.00 OK
r-release-macos-x86_64 1.1 32.00 OK
r-release-windows-x86_64 1.1 7.00 89.00 96.00 OK
r-oldrel-macos-arm64 1.1 18.00 OK
r-oldrel-macos-x86_64 1.1 27.00 OK
r-oldrel-windows-x86_64 1.1 4.00 155.00 159.00 OK

Check Details

Version: 1.1
Check: CRAN incoming feasibility
Result: NOTE Maintainer: ‘Lam Opal Huang <opal.huang@mail.mcgill.ca>’ No Authors@R field in DESCRIPTION. Please add one, modifying Authors@R: person(given = c("Lam", "Opal"), family = "Huang", role = c("aut", "cre"), email = "opal.huang@mail.mcgill.ca") as necessary. Flavors: r-devel-linux-x86_64-debian-clang, r-devel-linux-x86_64-debian-gcc