Last updated on 2025-04-30 04:50:22 CEST.
Flavor | Version | Tinstall | Tcheck | Ttotal | Status | Flags |
---|---|---|---|---|---|---|
r-devel-linux-x86_64-debian-clang | 0.2.1 | 6.65 | 63.91 | 70.56 | NOTE | |
r-devel-linux-x86_64-debian-gcc | 0.2.1 | 4.91 | 46.86 | 51.77 | NOTE | |
r-devel-linux-x86_64-fedora-clang | 0.2.1 | 108.84 | OK | |||
r-devel-linux-x86_64-fedora-gcc | 0.2.1 | 117.77 | OK | |||
r-devel-windows-x86_64 | 0.2.1 | 8.00 | 243.00 | 251.00 | OK | |
r-patched-linux-x86_64 | 0.2.1 | 6.76 | 61.06 | 67.82 | OK | |
r-release-linux-x86_64 | 0.2.1 | 5.95 | 60.37 | 66.32 | OK | |
r-release-macos-arm64 | 0.2.1 | 39.00 | OK | |||
r-release-macos-x86_64 | 0.2.1 | 74.00 | OK | |||
r-release-windows-x86_64 | 0.2.1 | 8.00 | 81.00 | 89.00 | OK | |
r-oldrel-macos-arm64 | 0.2.1 | 40.00 | OK | |||
r-oldrel-macos-x86_64 | 0.2.1 | 107.00 | OK | |||
r-oldrel-windows-x86_64 | 0.2.1 | 9.00 | 94.00 | 103.00 | OK |
Version: 0.2.1
Check: CRAN incoming feasibility
Result: NOTE
Maintainer: ‘Chad Hammerquist <chammerquist@scentsy.com>’
No Authors@R field in DESCRIPTION.
Please add one, modifying
Authors@R: c(person(given = "Chad",
family = "Hammerquist",
role = c("aut", "cre"),
email = "chammerquist@scentsy.com"),
person(given = "Scentsy",
family = "Inc",
role = "cph"))
as necessary.
Flavors: r-devel-linux-x86_64-debian-clang, r-devel-linux-x86_64-debian-gcc