Last updated on 2025-04-30 04:50:22 CEST.
Flavor | Version | Tinstall | Tcheck | Ttotal | Status | Flags |
---|---|---|---|---|---|---|
r-devel-linux-x86_64-debian-clang | 0.1.1 | 8.09 | 65.09 | 73.18 | OK | |
r-devel-linux-x86_64-debian-gcc | 0.1.1 | 6.03 | 45.97 | 52.00 | OK | |
r-devel-linux-x86_64-fedora-clang | 0.1.1 | 107.04 | OK | |||
r-devel-linux-x86_64-fedora-gcc | 0.1.1 | 114.42 | OK | |||
r-devel-windows-x86_64 | 0.1.1 | 10.00 | 76.00 | 86.00 | OK | |
r-patched-linux-x86_64 | 0.1.1 | 8.30 | 60.94 | 69.24 | OK | |
r-release-linux-x86_64 | 0.1.1 | 7.92 | 60.40 | 68.32 | OK | |
r-release-macos-arm64 | 0.1.1 | 35.00 | OK | |||
r-release-macos-x86_64 | 0.1.1 | 73.00 | OK | |||
r-release-windows-x86_64 | 0.1.1 | 10.00 | 279.00 | 289.00 | OK | |
r-oldrel-macos-arm64 | 0.1.1 | 36.00 | NOTE | |||
r-oldrel-macos-x86_64 | 0.1.1 | 59.00 | NOTE | |||
r-oldrel-windows-x86_64 | 0.1.1 | 12.00 | 95.00 | 107.00 | NOTE |
Version: 0.1.1
Check: LazyData
Result: NOTE
'LazyData' is specified without a 'data' directory
Flavors: r-oldrel-macos-arm64, r-oldrel-macos-x86_64, r-oldrel-windows-x86_64