Last updated on 2025-04-30 04:50:22 CEST.
Flavor | Version | Tinstall | Tcheck | Ttotal | Status | Flags |
---|---|---|---|---|---|---|
r-devel-linux-x86_64-debian-clang | 1.0.8 | 14.38 | 90.41 | 104.79 | NOTE | |
r-devel-linux-x86_64-debian-gcc | 1.0.8 | 8.89 | 63.03 | 71.92 | OK | |
r-devel-linux-x86_64-fedora-clang | 1.0.8 | 163.22 | OK | |||
r-devel-linux-x86_64-fedora-gcc | 1.0.8 | 154.88 | OK | |||
r-devel-windows-x86_64 | 1.0.8 | 15.00 | 240.00 | 255.00 | OK | |
r-patched-linux-x86_64 | 1.0.8 | 13.45 | 88.00 | 101.45 | OK | |
r-release-linux-x86_64 | 1.0.8 | 13.50 | 87.07 | 100.57 | OK | |
r-release-macos-arm64 | 1.0.8 | 44.00 | OK | |||
r-release-macos-x86_64 | 1.0.8 | 92.00 | OK | |||
r-release-windows-x86_64 | 1.0.8 | 17.00 | 273.00 | 290.00 | OK | |
r-oldrel-macos-arm64 | 1.0.8 | 54.00 | OK | |||
r-oldrel-macos-x86_64 | 1.0.8 | 109.00 | OK | |||
r-oldrel-windows-x86_64 | 1.0.8 | 19.00 | 132.00 | 151.00 | OK |
Version: 1.0.8
Check: examples
Result: NOTE
Examples with CPU (user + system) or elapsed time > 5s
user system elapsed
TSDT 5.447 0.008 6.481
Flavor: r-devel-linux-x86_64-debian-clang