Last updated on 2025-04-30 04:50:22 CEST.
Flavor | Version | Tinstall | Tcheck | Ttotal | Status | Flags |
---|---|---|---|---|---|---|
r-devel-linux-x86_64-debian-clang | 0.1.0 | 2.19 | 19.87 | 22.06 | OK | |
r-devel-linux-x86_64-debian-gcc | 0.1.0 | 1.79 | 16.09 | 17.88 | OK | |
r-devel-linux-x86_64-fedora-clang | 0.1.0 | 34.09 | NOTE | |||
r-devel-linux-x86_64-fedora-gcc | 0.1.0 | 32.04 | NOTE | |||
r-devel-windows-x86_64 | 0.1.0 | 3.00 | 185.00 | 188.00 | OK | |
r-patched-linux-x86_64 | 0.1.0 | 2.32 | 19.14 | 21.46 | OK | |
r-release-linux-x86_64 | 0.1.0 | 2.19 | 18.86 | 21.05 | OK | |
r-release-macos-arm64 | 0.1.0 | 16.00 | OK | |||
r-release-macos-x86_64 | 0.1.0 | 23.00 | OK | |||
r-release-windows-x86_64 | 0.1.0 | 4.00 | 45.00 | 49.00 | OK | |
r-oldrel-macos-arm64 | 0.1.0 | 15.00 | OK | |||
r-oldrel-macos-x86_64 | 0.1.0 | 21.00 | OK | |||
r-oldrel-windows-x86_64 | 0.1.0 | 4.00 | 45.00 | 49.00 | OK |
Version: 0.1.0
Check: dependencies in R code
Result: NOTE
Namespace in Imports field not imported from: ‘stats’
All declared Imports should be used.
Flavors: r-devel-linux-x86_64-fedora-clang, r-devel-linux-x86_64-fedora-gcc