Last updated on 2025-04-30 04:50:22 CEST.
Flavor | Version | Tinstall | Tcheck | Ttotal | Status | Flags |
---|---|---|---|---|---|---|
r-devel-linux-x86_64-debian-clang | 0.3.1 | 11.21 | 77.20 | 88.41 | NOTE | |
r-devel-linux-x86_64-debian-gcc | 0.3.1 | 7.52 | 55.08 | 62.60 | NOTE | |
r-devel-linux-x86_64-fedora-clang | 0.3.1 | 122.73 | OK | |||
r-devel-linux-x86_64-fedora-gcc | 0.3.1 | 115.62 | OK | |||
r-devel-windows-x86_64 | 0.3.1 | 11.00 | 85.00 | 96.00 | OK | |
r-patched-linux-x86_64 | 0.3.1 | 11.08 | 72.16 | 83.24 | OK | |
r-release-linux-x86_64 | 0.3.1 | 10.64 | 71.80 | 82.44 | OK | |
r-release-macos-arm64 | 0.3.1 | 37.00 | OK | |||
r-release-macos-x86_64 | 0.3.1 | 71.00 | OK | |||
r-release-windows-x86_64 | 0.3.1 | 11.00 | 86.00 | 97.00 | OK | |
r-oldrel-macos-arm64 | 0.3.1 | 46.00 | OK | |||
r-oldrel-macos-x86_64 | 0.3.1 | 62.00 | OK | |||
r-oldrel-windows-x86_64 | 0.3.1 | 15.00 | 204.00 | 219.00 | OK |
Version: 0.3.1
Check: CRAN incoming feasibility
Result: NOTE
Maintainer: ‘Arden Burrell <arden.burrell@gmail.com>’
Package CITATION file contains call(s) to old-style personList() or
as.personList(). Please use c() on person objects instead.
Package CITATION file contains call(s) to old-style citEntry(). Please
use bibentry() instead.
Flavors: r-devel-linux-x86_64-debian-clang, r-devel-linux-x86_64-debian-gcc