Last updated on 2025-11-04 03:51:12 CET.
| Flavor | Version | Tinstall | Tcheck | Ttotal | Status | Flags | 
|---|---|---|---|---|---|---|
| r-devel-linux-x86_64-debian-clang | 0.1.0 | 12.58 | 119.52 | 132.10 | OK | |
| r-devel-linux-x86_64-debian-gcc | 0.1.0 | 10.06 | 84.69 | 94.75 | OK | |
| r-devel-linux-x86_64-fedora-clang | 0.1.0 | 96.00 | 127.14 | 223.14 | NOTE | |
| r-devel-linux-x86_64-fedora-gcc | 0.1.0 | 30.00 | 160.96 | 190.96 | NOTE | |
| r-devel-windows-x86_64 | 0.1.0 | 15.00 | 235.00 | 250.00 | OK | |
| r-patched-linux-x86_64 | 0.1.0 | 12.79 | 110.16 | 122.95 | OK | |
| r-release-linux-x86_64 | 0.1.0 | 12.65 | 110.37 | 123.02 | OK | |
| r-release-macos-arm64 | 0.1.0 | 6.00 | 43.00 | 49.00 | OK | |
| r-release-macos-x86_64 | 0.1.0 | 11.00 | 95.00 | 106.00 | OK | |
| r-release-windows-x86_64 | 0.1.0 | 15.00 | 253.00 | 268.00 | OK | |
| r-oldrel-macos-arm64 | 0.1.0 | 6.00 | 42.00 | 48.00 | OK | |
| r-oldrel-macos-x86_64 | 0.1.0 | 9.00 | 60.00 | 69.00 | OK | |
| r-oldrel-windows-x86_64 | 0.1.0 | 21.00 | 143.00 | 164.00 | OK | 
Version: 0.1.0
Check: dependencies in R code
Result: NOTE
  Namespaces in Imports field not imported from:
    ‘reticulate’ ‘tensorflow’
    All declared Imports should be used.
Flavors: r-devel-linux-x86_64-fedora-clang, r-devel-linux-x86_64-fedora-gcc