Last updated on 2025-04-30 04:50:22 CEST.
Flavor | Version | Tinstall | Tcheck | Ttotal | Status | Flags |
---|---|---|---|---|---|---|
r-devel-linux-x86_64-debian-clang | 1.1.0 | 38.39 | 123.31 | 161.70 | NOTE | |
r-devel-linux-x86_64-debian-gcc | 1.1.0 | 28.81 | 91.58 | 120.39 | NOTE | |
r-devel-linux-x86_64-fedora-clang | 1.1.0 | 272.29 | NOTE | |||
r-devel-linux-x86_64-fedora-gcc | 1.1.0 | 276.89 | NOTE | |||
r-devel-windows-x86_64 | 1.1.0 | 47.00 | 222.00 | 269.00 | NOTE | |
r-patched-linux-x86_64 | 1.1.0 | 40.80 | 120.39 | 161.19 | NOTE | |
r-release-linux-x86_64 | 1.1.0 | 38.95 | 122.21 | 161.16 | NOTE | |
r-release-macos-arm64 | 1.1.0 | 115.00 | NOTE | |||
r-release-macos-x86_64 | 1.1.0 | 141.00 | NOTE | |||
r-release-windows-x86_64 | 1.1.0 | 48.00 | 338.00 | 386.00 | NOTE | |
r-oldrel-macos-arm64 | 1.1.0 | 74.00 | NOTE | |||
r-oldrel-macos-x86_64 | 1.1.0 | 110.00 | NOTE | |||
r-oldrel-windows-x86_64 | 1.1.0 | 51.00 | 382.00 | 433.00 | NOTE |
Version: 1.1.0
Check: CRAN incoming feasibility
Result: NOTE
Maintainer: ‘Peter Laurinec <tsreprpackage@gmail.com>’
Package CITATION file contains call(s) to old-style citEntry(). Please
use bibentry() instead.
Flavors: r-devel-linux-x86_64-debian-clang, r-devel-linux-x86_64-debian-gcc
Version: 1.1.0
Check: Rd files
Result: NOTE
checkRd: (-1) repr_dwt.Rd:28: Lost braces; missing escapes or markup?
28 | The final representation has length equal to floor(n / 2^{level}), where n is a length of original time series.
| ^
Flavors: r-devel-linux-x86_64-debian-clang, r-devel-linux-x86_64-debian-gcc, r-devel-linux-x86_64-fedora-clang, r-devel-linux-x86_64-fedora-gcc, r-devel-windows-x86_64, r-patched-linux-x86_64, r-release-linux-x86_64, r-release-macos-arm64, r-release-macos-x86_64, r-release-windows-x86_64, r-oldrel-macos-arm64, r-oldrel-macos-x86_64, r-oldrel-windows-x86_64