Last updated on 2025-04-30 04:50:22 CEST.
Flavor | Version | Tinstall | Tcheck | Ttotal | Status | Flags |
---|---|---|---|---|---|---|
r-devel-linux-x86_64-debian-clang | 0.1.1 | 11.34 | 76.29 | 87.63 | NOTE | |
r-devel-linux-x86_64-debian-gcc | 0.1.1 | 8.34 | 56.84 | 65.18 | NOTE | |
r-devel-linux-x86_64-fedora-clang | 0.1.1 | 140.50 | OK | |||
r-devel-linux-x86_64-fedora-gcc | 0.1.1 | 134.51 | OK | |||
r-devel-windows-x86_64 | 0.1.1 | 12.00 | 99.00 | 111.00 | OK | |
r-patched-linux-x86_64 | 0.1.1 | 10.69 | 74.29 | 84.98 | OK | |
r-release-linux-x86_64 | 0.1.1 | 10.36 | 73.57 | 83.93 | OK | |
r-release-macos-arm64 | 0.1.1 | 98.00 | OK | |||
r-release-macos-x86_64 | 0.1.1 | 203.00 | OK | |||
r-release-windows-x86_64 | 0.1.1 | 11.00 | 93.00 | 104.00 | OK | |
r-oldrel-macos-arm64 | 0.1.1 | 48.00 | OK | |||
r-oldrel-macos-x86_64 | 0.1.1 | 71.00 | OK | |||
r-oldrel-windows-x86_64 | 0.1.1 | 13.00 | 401.00 | 414.00 | OK |
Version: 0.1.1
Check: CRAN incoming feasibility
Result: NOTE
Maintainer: ‘Marco Albrecht <marco.albrecht@posteo.de>’
No Authors@R field in DESCRIPTION.
Please add one, modifying
Authors@R: person(given = "Marco",
family = "Albrecht",
role = c("aut", "cre"),
email = "marco.albrecht@posteo.de")
as necessary.
Flavors: r-devel-linux-x86_64-debian-clang, r-devel-linux-x86_64-debian-gcc