Last updated on 2025-04-30 04:50:22 CEST.
Flavor | Version | Tinstall | Tcheck | Ttotal | Status | Flags |
---|---|---|---|---|---|---|
r-devel-linux-x86_64-debian-clang | 1.1 | 6.11 | 71.87 | 77.98 | NOTE | |
r-devel-linux-x86_64-debian-gcc | 1.1 | 5.18 | 51.74 | 56.92 | NOTE | |
r-devel-linux-x86_64-fedora-clang | 1.1 | 122.68 | OK | |||
r-devel-linux-x86_64-fedora-gcc | 1.1 | 113.52 | OK | |||
r-devel-windows-x86_64 | 1.1 | 8.00 | 83.00 | 91.00 | OK | |
r-patched-linux-x86_64 | 1.1 | 6.70 | 67.96 | 74.66 | OK | |
r-release-linux-x86_64 | 1.1 | 6.56 | 69.21 | 75.77 | OK | |
r-release-macos-arm64 | 1.1 | 44.00 | OK | |||
r-release-macos-x86_64 | 1.1 | 79.00 | OK | |||
r-release-windows-x86_64 | 1.1 | 8.00 | 80.00 | 88.00 | OK | |
r-oldrel-macos-arm64 | 1.1 | 39.00 | OK | |||
r-oldrel-macos-x86_64 | 1.1 | 54.00 | OK | |||
r-oldrel-windows-x86_64 | 1.1 | 9.00 | 99.00 | 108.00 | OK |
Version: 1.1
Check: CRAN incoming feasibility
Result: NOTE
Maintainer: ‘Antonio Meneses <antoniomenesesfreire@hotmail.com>’
No Authors@R field in DESCRIPTION.
Please add one, modifying
Authors@R: c(person(given = "Antonio",
family = "Meneses",
role = c("aut", "cre"),
email = "antoniomenesesfreire@hotmail.com"),
person(given = "Salvador",
family = "Naya",
role = "aut",
email = "salva@udc.es"),
person(given = "Javier",
family = "Tarrio-Saavedra",
role = "aut",
email = "jtarrio@udc.es"))
as necessary.
Flavors: r-devel-linux-x86_64-debian-clang, r-devel-linux-x86_64-debian-gcc
Version: 1.1
Check: examples
Result: NOTE
Examples with CPU (user + system) or elapsed time > 5s
user system elapsed
TTS_10 5.894 0.015 7.443
PLOT.TTS 4.611 0.156 5.989
Flavor: r-devel-linux-x86_64-debian-clang