Last updated on 2025-04-30 04:50:22 CEST.
Flavor | Version | Tinstall | Tcheck | Ttotal | Status | Flags |
---|---|---|---|---|---|---|
r-devel-linux-x86_64-debian-clang | 1.0.2 | 13.38 | 81.17 | 94.55 | NOTE | |
r-devel-linux-x86_64-debian-gcc | 1.0.2 | 8.70 | 55.30 | 64.00 | NOTE | |
r-devel-linux-x86_64-fedora-clang | 1.0.2 | 147.60 | OK | |||
r-devel-linux-x86_64-fedora-gcc | 1.0.2 | 132.07 | OK | |||
r-devel-windows-x86_64 | 1.0.2 | 18.00 | 95.00 | 113.00 | OK | |
r-patched-linux-x86_64 | 1.0.2 | 14.34 | 74.43 | 88.77 | OK | |
r-release-linux-x86_64 | 1.0.2 | 11.22 | 73.32 | 84.54 | OK | |
r-release-macos-arm64 | 1.0.2 | 57.00 | OK | |||
r-release-macos-x86_64 | 1.0.2 | 79.00 | OK | |||
r-release-windows-x86_64 | 1.0.2 | 21.00 | 94.00 | 115.00 | OK | |
r-oldrel-macos-arm64 | 1.0.2 | 42.00 | OK | |||
r-oldrel-macos-x86_64 | 1.0.2 | 59.00 | OK | |||
r-oldrel-windows-x86_64 | 1.0.2 | 21.00 | 110.00 | 131.00 | OK |
Version: 1.0.2
Check: CRAN incoming feasibility
Result: NOTE
Maintainer: ‘Yuqing Pan <yuqing.pan@stat.fsu.edu>’
No Authors@R field in DESCRIPTION.
Please add one, modifying
Authors@R: c(person(given = "Yuqing",
family = "Pan",
role = c("aut", "cre"),
email = "yuqing.pan@stat.fsu.edu"),
person(given = "Qing",
family = "Mai",
role = "aut",
email = "mai@stat.fsu.edu"),
person(given = "Xin",
family = "Zhang",
role = "aut",
email = "henry@stat.fsu.edu"))
as necessary.
The Description field contains
(2019) <arXiv:1904.03469>. Functions are included for covariate
Please refer to arXiv e-prints via their arXiv DOI <doi:10.48550/arXiv.YYMM.NNNNN>.
Flavors: r-devel-linux-x86_64-debian-clang, r-devel-linux-x86_64-debian-gcc
Version: 1.0.2
Check: examples
Result: NOTE
Examples with CPU (user + system) or elapsed time > 5s
user system elapsed
cv.msda 7.628 0.219 11.964
Flavor: r-devel-linux-x86_64-debian-clang